Last updated on 2025-10-22 09:50:31 CEST.
Flavor | Version | Tinstall | Tcheck | Ttotal | Status | Flags |
---|---|---|---|---|---|---|
r-devel-linux-x86_64-debian-clang | 1.6 | 6.98 | 48.68 | 55.66 | NOTE | |
r-devel-linux-x86_64-debian-gcc | 1.6 | 4.84 | 35.07 | 39.91 | NOTE | |
r-devel-linux-x86_64-fedora-clang | 1.6 | 19.00 | 66.57 | 85.57 | OK | |
r-devel-linux-x86_64-fedora-gcc | 1.6 | 14.00 | 64.20 | 78.20 | OK | |
r-devel-windows-x86_64 | 1.6 | 8.00 | 62.00 | 70.00 | OK | |
r-patched-linux-x86_64 | 1.6 | 6.70 | 45.36 | 52.06 | OK | |
r-release-linux-x86_64 | 1.6 | 6.13 | 45.48 | 51.61 | OK | |
r-release-macos-arm64 | 1.6 | 3.00 | 32.00 | 35.00 | OK | |
r-release-macos-x86_64 | 1.6 | 7.00 | 50.00 | 57.00 | OK | |
r-release-windows-x86_64 | 1.6 | 9.00 | 70.00 | 79.00 | OK | |
r-oldrel-macos-arm64 | 1.6 | 3.00 | 31.00 | 34.00 | OK | |
r-oldrel-macos-x86_64 | 1.6 | 5.00 | 42.00 | 47.00 | OK | |
r-oldrel-windows-x86_64 | 1.6 | 11.00 | 75.00 | 86.00 | OK |
Version: 1.6
Check: HTML version of manual
Result: NOTE
Found the following HTML validation problems:
create_article.html:71:1 (create_article.Rd:27): Warning: missing </ul> before </div>
distill_website.html:54:1 (distill_website.Rd:14): Warning: missing </ul> before </div>
Flavors: r-devel-linux-x86_64-debian-clang, r-devel-linux-x86_64-debian-gcc