CRAN Package Check Results for Package distro

Last updated on 2025-07-04 09:49:49 CEST.

Flavor Version Tinstall Tcheck Ttotal Status Flags
r-devel-linux-x86_64-debian-clang 0.1.0 1.42 19.25 20.67 OK
r-devel-linux-x86_64-debian-gcc 0.1.0 1.37 16.19 17.56 OK
r-devel-linux-x86_64-fedora-clang 0.1.0 31.84 OK
r-devel-linux-x86_64-fedora-gcc 0.1.0 48.03 OK
r-devel-windows-x86_64 0.1.0 3.00 40.00 43.00 OK
r-patched-linux-x86_64 0.1.0 1.49 16.99 18.48 OK
r-release-linux-x86_64 0.1.0 1.11 16.87 17.98 OK
r-release-macos-arm64 0.1.0 31.00 OK
r-release-macos-x86_64 0.1.0 50.00 OK
r-release-windows-x86_64 0.1.0 3.00 40.00 43.00 OK
r-oldrel-macos-arm64 0.1.0 19.00 NOTE
r-oldrel-macos-x86_64 0.1.0 44.00 NOTE
r-oldrel-windows-x86_64 0.1.0 2.00 41.00 43.00 NOTE

Check Details

Version: 0.1.0
Check: LazyData
Result: NOTE 'LazyData' is specified without a 'data' directory Flavors: r-oldrel-macos-arm64, r-oldrel-macos-x86_64, r-oldrel-windows-x86_64