CRAN Package Check Results for Package documenter

Last updated on 2025-10-22 09:50:31 CEST.

Flavor Version Tinstall Tcheck Ttotal Status Flags
r-devel-linux-x86_64-debian-clang 0.1.3 1.99 26.38 28.37 NOTE
r-devel-linux-x86_64-debian-gcc 0.1.3 1.65 21.28 22.93 NOTE
r-devel-linux-x86_64-fedora-clang 0.1.3 42.79 OK
r-devel-linux-x86_64-fedora-gcc 0.1.3 54.23 OK
r-devel-windows-x86_64 0.1.3 4.00 44.00 48.00 OK
r-patched-linux-x86_64 0.1.3 2.04 24.03 26.07 OK
r-release-linux-x86_64 0.1.3 1.81 24.19 26.00 OK
r-release-macos-arm64 0.1.3 1.00 30.00 31.00 OK
r-release-macos-x86_64 0.1.3 2.00 42.00 44.00 OK
r-release-windows-x86_64 0.1.3 4.00 46.00 50.00 OK
r-oldrel-macos-arm64 0.1.3 1.00 21.00 22.00 OK
r-oldrel-macos-x86_64 0.1.3 2.00 35.00 37.00 OK
r-oldrel-windows-x86_64 0.1.3 5.00 50.00 55.00 OK

Check Details

Version: 0.1.3
Check: HTML version of manual
Result: NOTE Found the following HTML validation problems: extract_annotations.html:50:1 (extract_annotations.Rd:12): Warning: missing </ul> before </div> fix_path.html:46:1 (fix_path.Rd:10): Warning: missing </ul> before </div> Flavors: r-devel-linux-x86_64-debian-clang, r-devel-linux-x86_64-debian-gcc