CRAN Package Check Results for Package docxtractr

Last updated on 2025-10-22 09:50:31 CEST.

Flavor Version Tinstall Tcheck Ttotal Status Flags
r-devel-linux-x86_64-debian-clang 0.6.5 3.94 39.52 43.46 NOTE
r-devel-linux-x86_64-debian-gcc 0.6.5 2.86 29.35 32.21 NOTE
r-devel-linux-x86_64-fedora-clang 0.6.5 68.56 OK
r-devel-linux-x86_64-fedora-gcc 0.6.5 61.98 OK
r-devel-windows-x86_64 0.6.5 6.00 56.00 62.00 OK
r-patched-linux-x86_64 0.6.5 4.42 36.49 40.91 OK
r-release-linux-x86_64 0.6.5 4.29 37.08 41.37 OK
r-release-macos-arm64 0.6.5 2.00 25.00 27.00 OK
r-release-macos-x86_64 0.6.5 4.00 34.00 38.00 OK
r-release-windows-x86_64 0.6.5 7.00 59.00 66.00 OK
r-oldrel-macos-arm64 0.6.5 2.00 23.00 25.00 NOTE
r-oldrel-macos-x86_64 0.6.5 3.00 30.00 33.00 NOTE
r-oldrel-windows-x86_64 0.6.5 9.00 67.00 76.00 NOTE

Check Details

Version: 0.6.5
Check: HTML version of manual
Result: NOTE Found the following HTML validation problems: print.docx.html:51:1 (print.docx.Rd:12): Warning: missing </ul> before </div> Flavors: r-devel-linux-x86_64-debian-clang, r-devel-linux-x86_64-debian-gcc

Version: 0.6.5
Check: LazyData
Result: NOTE 'LazyData' is specified without a 'data' directory Flavors: r-oldrel-macos-arm64, r-oldrel-macos-x86_64, r-oldrel-windows-x86_64