CRAN Package Check Results for Package drifter

Last updated on 2025-10-22 09:50:31 CEST.

Flavor Version Tinstall Tcheck Ttotal Status Flags
r-devel-linux-x86_64-debian-clang 0.2.1 5.96 94.16 100.12 NOTE
r-devel-linux-x86_64-debian-gcc 0.2.1 4.28 68.23 72.51 NOTE
r-devel-linux-x86_64-fedora-clang 0.2.1 40.00 130.37 170.37 OK
r-devel-linux-x86_64-fedora-gcc 0.2.1 12.00 138.31 150.31 OK
r-devel-windows-x86_64 0.2.1 8.00 96.00 104.00 OK
r-patched-linux-x86_64 0.2.1 6.61 92.50 99.11 OK
r-release-linux-x86_64 0.2.1 5.94 91.98 97.92 OK
r-release-macos-arm64 0.2.1 3.00 43.00 46.00 OK
r-release-macos-x86_64 0.2.1 4.00 66.00 70.00 OK
r-release-windows-x86_64 0.2.1 9.00 98.00 107.00 OK
r-oldrel-macos-arm64 0.2.1 3.00 31.00 34.00 NOTE
r-oldrel-macos-x86_64 0.2.1 3.00 47.00 50.00 NOTE
r-oldrel-windows-x86_64 0.2.1 10.00 119.00 129.00 NOTE

Check Details

Version: 0.2.1
Check: CRAN incoming feasibility
Result: NOTE Maintainer: ‘Przemyslaw Biecek <przemyslaw.biecek@gmail.com>’ The Description field contains of the 'DrWhy.AI' universe (Biecek 2018) <arXiv:1806.08915>. Please refer to arXiv e-prints via their arXiv DOI <doi:10.48550/arXiv.YYMM.NNNNN>. Flavors: r-devel-linux-x86_64-debian-clang, r-devel-linux-x86_64-debian-gcc

Version: 0.2.1
Check: LazyData
Result: NOTE 'LazyData' is specified without a 'data' directory Flavors: r-oldrel-macos-arm64, r-oldrel-macos-x86_64, r-oldrel-windows-x86_64