Last updated on 2025-10-21 09:48:30 CEST.
Flavor | Version | Tinstall | Tcheck | Ttotal | Status | Flags |
---|---|---|---|---|---|---|
r-devel-linux-x86_64-debian-clang | 1.0.1 | 11.50 | 210.92 | 222.42 | OK | |
r-devel-linux-x86_64-debian-gcc | 1.0.1 | 8.14 | 143.69 | 151.83 | NOTE | |
r-devel-linux-x86_64-fedora-clang | 1.0.1 | 355.88 | OK | |||
r-devel-linux-x86_64-fedora-gcc | 1.0.1 | 348.28 | OK | |||
r-devel-windows-x86_64 | 1.0.1 | 14.00 | 191.00 | 205.00 | OK | |
r-patched-linux-x86_64 | 1.0.1 | 11.38 | 198.46 | 209.84 | OK | |
r-release-linux-x86_64 | 1.0.1 | 11.92 | 197.87 | 209.79 | OK | |
r-release-macos-arm64 | 1.0.1 | 106.00 | OK | |||
r-release-macos-x86_64 | 1.0.1 | 193.00 | OK | |||
r-release-windows-x86_64 | 1.0.1 | 14.00 | 191.00 | 205.00 | OK | |
r-oldrel-macos-arm64 | 1.0.1 | 87.00 | OK | |||
r-oldrel-macos-x86_64 | 1.0.1 | 147.00 | OK | |||
r-oldrel-windows-x86_64 | 1.0.1 | 17.00 | 257.00 | 274.00 | OK |
Version: 1.0.1
Check: HTML version of manual
Result: NOTE
Found the following HTML validation problems:
eif_pmf_k.html:70:1 (eif_pmf_k.Rd:23): Warning: missing </ul> before </div>
eif_theta_k.html:70:1 (eif_theta_k.Rd:23): Warning: missing </ul> before </div>
estimate_eif_wmean.html:75:1 (estimate_eif_wmean.Rd:30): Warning: missing </ul> before </div>
fit_trt_spec_reg.html:121:1 (fit_trt_spec_reg.Rd:59): Warning: missing </ul> before </div>
getResponseFromFormula.html:50:1 (getResponseFromFormula.Rd:12): Warning: missing </ul> before </div>
get_one_wmean.html:95:1 (get_one_wmean.Rd:45): Warning: missing </ul> before </div>
marginalize_cdf.html:48:1 (marginalize_cdf.Rd:11): Warning: missing </ul> before </div>
marginalize_pmf.html:48:1 (marginalize_pmf.Rd:11): Warning: missing </ul> before </div>
print.drord.html:56:1 (print.drord.Rd:15): Warning: missing </ul> before </div>
trimmed_logit.html:46:1 (trimmed_logit.Rd:10): Warning: missing </ul> before </div>
Flavor: r-devel-linux-x86_64-debian-gcc