CRAN Package Check Results for Package dupree

Last updated on 2025-10-21 09:48:30 CEST.

Flavor Version Tinstall Tcheck Ttotal Status Flags
r-devel-linux-x86_64-debian-clang 0.3.0 5.59 45.87 51.46 NOTE
r-devel-linux-x86_64-debian-gcc 0.3.0 3.49 32.56 36.05 NOTE
r-devel-linux-x86_64-fedora-clang 0.3.0 77.21 OK
r-devel-linux-x86_64-fedora-gcc 0.3.0 67.81 OK
r-devel-windows-x86_64 0.3.0 7.00 56.00 63.00 OK
r-patched-linux-x86_64 0.3.0 4.61 39.80 44.41 OK
r-release-linux-x86_64 0.3.0 4.26 39.50 43.76 OK
r-release-macos-arm64 0.3.0 29.00 OK
r-release-macos-x86_64 0.3.0 45.00 OK
r-release-windows-x86_64 0.3.0 9.00 57.00 66.00 OK
r-oldrel-macos-arm64 0.3.0 27.00 NOTE
r-oldrel-macos-x86_64 0.3.0 42.00 NOTE
r-oldrel-windows-x86_64 0.3.0 10.00 68.00 78.00 NOTE

Check Details

Version: 0.3.0
Check: CRAN incoming feasibility
Result: NOTE Maintainer: ‘Russ Hyde <russ.hyde.data@gmail.com>’ No Authors@R field in DESCRIPTION. Please add one, modifying Authors@R: c(person(given = "Russ", family = "Hyde", role = c("aut", "cre"), email = "russ.hyde.data@gmail.com"), person(given = c("University", "of"), family = "Glasgow", role = "aut")) as necessary. Flavors: r-devel-linux-x86_64-debian-clang, r-devel-linux-x86_64-debian-gcc

Version: 0.3.0
Check: HTML version of manual
Result: NOTE Found the following HTML validation problems: as.data.frame.dups.html:51:1 (as.data.frame.dups.Rd:12): Warning: missing </ul> before </div> as_tibble.dups.html:52:1 (as_tibble.dups.Rd:13): Warning: missing </ul> before </div> print.dups.html:51:1 (print.dups.Rd:12): Warning: missing </ul> before </div> Flavor: r-devel-linux-x86_64-debian-gcc

Version: 0.3.0
Check: LazyData
Result: NOTE 'LazyData' is specified without a 'data' directory Flavors: r-oldrel-macos-arm64, r-oldrel-macos-x86_64, r-oldrel-windows-x86_64