Last updated on 2025-10-21 09:48:30 CEST.
Flavor | Version | Tinstall | Tcheck | Ttotal | Status | Flags |
---|---|---|---|---|---|---|
r-devel-linux-x86_64-debian-clang | 0.2.5 | 20.72 | 229.30 | 250.02 | OK | |
r-devel-linux-x86_64-debian-gcc | 0.2.5 | 11.60 | 142.93 | 154.53 | NOTE | |
r-devel-linux-x86_64-fedora-clang | 0.2.5 | 414.70 | OK | |||
r-devel-linux-x86_64-fedora-gcc | 0.2.5 | 400.42 | OK | |||
r-devel-windows-x86_64 | 0.2.5 | 19.00 | 178.00 | 197.00 | OK | |
r-patched-linux-x86_64 | 0.2.5 | 22.82 | 216.67 | 239.49 | OK | |
r-release-linux-x86_64 | 0.2.5 | 19.76 | 217.71 | 237.47 | OK | |
r-release-macos-arm64 | 0.2.5 | 88.00 | OK | |||
r-release-macos-x86_64 | 0.2.5 | 203.00 | OK | |||
r-release-windows-x86_64 | 0.2.5 | 21.00 | 182.00 | 203.00 | OK | |
r-oldrel-macos-arm64 | 0.2.5 | 84.00 | OK | |||
r-oldrel-macos-x86_64 | 0.2.5 | 151.00 | OK | |||
r-oldrel-windows-x86_64 | 0.2.5 | 30.00 | 246.00 | 276.00 | OK |
Version: 0.2.5
Check: HTML version of manual
Result: NOTE
Found the following HTML validation problems:
dynatopGIS.html:152:1 (dynatopGIS.Rd:105): Warning: <h5> anchor "Usage" already defined
dynatopGIS.html:168:1 (dynatopGIS.Rd:115): Warning: <h5> anchor "Usage" already defined
dynatopGIS.html:174:1 (dynatopGIS.Rd:119): Warning: <h5> anchor "Details" already defined
dynatopGIS.html:191:1 (dynatopGIS.Rd:129): Warning: <h5> anchor "Usage" already defined
dynatopGIS.html:197:1 (dynatopGIS.Rd:133): Warning: <h5> anchor "Arguments" already defined
dynatopGIS.html:212:1 (dynatopGIS.Rd:142): Warning: <h5> anchor "Details" already defined
dynatopGIS.html:229:1 (dynatopGIS.Rd:152): Warning: <h5> anchor "Usage" already defined
dynatopGIS.html:235:1 (dynatopGIS.Rd:156): Warning: <h5> anchor "Arguments" already defined
dynatopGIS.html:252:1 (dynatopGIS.Rd:167): Warning: <h5> anchor "Details" already defined
dynatopGIS.html:259:1 (dynatopGIS.Rd:171): Warning: <h5> anchor "Returns" already defined
dynatopGIS.html:276:1 (dynatopGIS.Rd:180): Warning: <h5> anchor "Usage" already defined
dynatopGIS.html:287:1 (dynatopGIS.Rd:189): Warning: <h5> anchor "Arguments" already defined
dynatopGIS.html:304:1 (dynatopGIS.Rd:200): Warning: <h5> anchor "Details" already defined
dynatopGIS.html:311:1 (dynatopGIS.Rd:204): Warning: <h5> anchor "Returns" already defined
dynatopGIS.html:328:1 (dynatopGIS.Rd:213): Warning: <h5> anchor "Usage" already defined
dynatopGIS.html:334:1 (dynatopGIS.Rd:217): Warning: <h5> anchor "Arguments" already defined
dynatopGIS.html:349:1 (dynatopGIS.Rd:226): Warning: <h5> anchor "Details" already defined
dynatopGIS.html:356:1 (dynatopGIS.Rd:230): Warning: <h5> anchor "Returns" already defined
dynatopGIS.html:373:1 (dynatopGIS.Rd:239): Warning: <h5> anchor "Usage" already defined
dynatopGIS.html:379:1 (dynatopGIS.Rd:243): Warning: <h5> anchor "Arguments" already defined
dynatopGIS.html:392:1 (dynatopGIS.Rd:250): Warning: <h5> anchor "Returns" already defined
dynatopGIS.html:409:1 (dynatopGIS.Rd:259): Warning: <h5> anchor "Usage" already defined
dynatopGIS.html:415:1 (dynatopGIS.Rd:263): Warning: <h5> anchor "Arguments" already defined
dynatopGIS.html:430:1 (dynatopGIS.Rd:272): Warning: <h5> anchor "Returns" already defined
dynatopGIS.html:447:1 (dynatopGIS.Rd:281): Warning: <h5> anchor "Usage" already defined
dynatopGIS.html:458:1 (dynatopGIS.Rd:290): Warning: <h5> anchor "Arguments" already defined
dynatopGIS.html:477:1 (dynatopGIS.Rd:303): Warning: <h5> anchor "Details" already defined
dynatopGIS.html:494:1 (dynatopGIS.Rd:313): Warning: <h5> anchor "Usage" already defined
dynatopGIS.html:500:1 (dynatopGIS.Rd:317): Warning: <h5> anchor "Details" already defined
dynatopGIS.html:517:1 (dynatopGIS.Rd:327): Warning: <h5> anchor "Usage" already defined
dynatopGIS.html:523:1 (dynatopGIS.Rd:331): Warning: <h5> anchor "Arguments" already defined
dynatopGIS.html:538:1 (dynatopGIS.Rd:340): Warning: <h5> anchor "Details" already defined
dynatopGIS.html:555:1 (dynatopGIS.Rd:350): Warning: <h5> anchor "Usage" already defined
dynatopGIS.html:561:1 (dynatopGIS.Rd:354): Warning: <h5> anchor "Arguments" already defined
dynatopGIS.html:574:1 (dynatopGIS.Rd:361): Warning: <h5> anchor "Details" already defined
dynatopGIS.html:591:1 (dynatopGIS.Rd:371): Warning: <h5> anchor "Usage" already defined
dynatopGIS.html:597:1 (dynatopGIS.Rd:375): Warning: <h5> anchor "Arguments" already defined
dynatopGIS.html:614:1 (dynatopGIS.Rd:386): Warning: <h5> anchor "Details" already defined
dynatopGIS.html:631:1 (dynatopGIS.Rd:396): Warning: <h5> anchor "Usage" already defined
dynatopGIS.html:637:1 (dynatopGIS.Rd:400): Warning: <h5> anchor "Arguments" already defined
dynatopGIS.html:654:1 (dynatopGIS.Rd:411): Warning: <h5> anchor "Details" already defined
dynatopGIS.html:671:1 (dynatopGIS.Rd:421): Warning: <h5> anchor "Usage" already defined
dynatopGIS.html:689:1 (dynatopGIS.Rd:437): Warning: <h5> anchor "Arguments" already defined
dynatopGIS.html:722:1 (dynatopGIS.Rd:464): Warning: <h5> anchor "Details" already defined
dynatopGIS.html:741:1 (dynatopGIS.Rd:476): Warning: <h5> anchor "Usage" already defined
dynatopGIS.html:747:1 (dynatopGIS.Rd:480): Warning: <h5> anchor "Details" already defined
dynatopGIS.html:754:1 (dynatopGIS.Rd:484): Warning: <h5> anchor "Returns" already defined
dynatopGIS.html:771:1 (dynatopGIS.Rd:493): Warning: <h5> anchor "Usage" already defined
dynatopGIS.html:777:1 (dynatopGIS.Rd:497): Warning: <h5> anchor "Arguments" already defined
dynatopGIS.html:790:1 (dynatopGIS.Rd:504): Warning: <h5> anchor "Returns" already defined
dynatopGIS.html:807:1 (dynatopGIS.Rd:513): Warning: <h5> anchor "Usage" already defined
dynatopGIS.html:813:1 (dynatopGIS.Rd:517): Warning: <h5> anchor "Arguments" already defined
Flavor: r-devel-linux-x86_64-debian-gcc