Last updated on 2025-10-22 09:50:31 CEST.
Flavor | Version | Tinstall | Tcheck | Ttotal | Status | Flags |
---|---|---|---|---|---|---|
r-devel-linux-x86_64-debian-clang | 1.0.12 | 21.10 | 103.72 | 124.82 | NOTE | |
r-devel-linux-x86_64-debian-gcc | 1.0.12 | 15.72 | 74.25 | 89.97 | NOTE | |
r-devel-linux-x86_64-fedora-clang | 1.0.12 | 98.00 | 114.22 | 212.22 | OK | |
r-devel-linux-x86_64-fedora-gcc | 1.0.12 | 44.00 | 163.23 | 207.23 | OK | |
r-devel-windows-x86_64 | 1.0.12 | 28.00 | 125.00 | 153.00 | OK | |
r-patched-linux-x86_64 | 1.0.12 | 22.84 | 97.66 | 120.50 | OK | |
r-release-linux-x86_64 | 1.0.12 | 19.68 | 98.19 | 117.87 | OK | |
r-release-macos-arm64 | 1.0.12 | 12.00 | 53.00 | 65.00 | OK | |
r-release-macos-x86_64 | 1.0.12 | 14.00 | 120.00 | 134.00 | OK | |
r-release-windows-x86_64 | 1.0.12 | 28.00 | 125.00 | 153.00 | OK | |
r-oldrel-macos-arm64 | 1.0.12 | 11.00 | 59.00 | 70.00 | OK | |
r-oldrel-macos-x86_64 | 1.0.12 | 16.00 | 118.00 | 134.00 | OK | |
r-oldrel-windows-x86_64 | 1.0.12 | 35.00 | 158.00 | 193.00 | OK |
Version: 1.0.12
Check: HTML version of manual
Result: NOTE
Found the following HTML validation problems:
deprecated.html:52:1 (deprecated.Rd:15): Warning: missing </ul> before </div>
read_h5.html:60:1 (read_h5.Rd:23): Warning: missing </ul> before </div>
recent_news.html:54:1 (recent_news.Rd:14): Warning: missing </ul> before </div>
switch_devel.html:54:1 (switch_devel.Rd:18): Warning: missing </ul> before </div>
test_h5_installation.html:48:1 (test_h5_installation.Rd:13): Warning: missing </ul> before </div>
Flavors: r-devel-linux-x86_64-debian-clang, r-devel-linux-x86_64-debian-gcc