Last updated on 2025-10-22 09:50:31 CEST.
Flavor | Version | Tinstall | Tcheck | Ttotal | Status | Flags |
---|---|---|---|---|---|---|
r-devel-linux-x86_64-debian-clang | 0.2.4 | 64.05 | 103.36 | 167.41 | OK | |
r-devel-linux-x86_64-debian-gcc | 0.2.4 | 48.32 | 70.04 | 118.36 | OK | |
r-devel-linux-x86_64-fedora-clang | 0.2.4 | 152.00 | 106.88 | 258.88 | OK | |
r-devel-linux-x86_64-fedora-gcc | 0.2.4 | 170.00 | 122.23 | 292.23 | OK | |
r-devel-windows-x86_64 | 0.2.4 | 71.00 | 136.00 | 207.00 | OK | |
r-patched-linux-x86_64 | 0.2.4 | 70.78 | 91.60 | 162.38 | OK | |
r-release-linux-x86_64 | 0.2.4 | 70.30 | 91.78 | 162.08 | OK | |
r-release-macos-arm64 | 0.2.4 | 30.00 | 49.00 | 79.00 | OK | |
r-release-macos-x86_64 | 0.2.4 | 53.00 | 94.00 | 147.00 | OK | |
r-release-windows-x86_64 | 0.2.4 | 75.00 | 137.00 | 212.00 | OK | |
r-oldrel-macos-arm64 | 0.2.4 | 39.00 | 46.00 | 85.00 | NOTE | |
r-oldrel-macos-x86_64 | 0.2.4 | 50.00 | 78.00 | 128.00 | NOTE | |
r-oldrel-windows-x86_64 | 0.2.4 | 85.00 | 170.00 | 255.00 | OK |
Version: 0.2.4
Check: installed package size
Result: NOTE
installed size is 13.5Mb
sub-directories of 1Mb or more:
doc 1.3Mb
libs 11.7Mb
Flavors: r-oldrel-macos-arm64, r-oldrel-macos-x86_64