Last updated on 2025-10-22 09:50:31 CEST.
Flavor | Version | Tinstall | Tcheck | Ttotal | Status | Flags |
---|---|---|---|---|---|---|
r-devel-linux-x86_64-debian-clang | 0.1.8 | 5.19 | 45.44 | 50.63 | NOTE | |
r-devel-linux-x86_64-debian-gcc | 0.1.8 | 3.56 | 34.92 | 38.48 | NOTE | |
r-devel-linux-x86_64-fedora-clang | 0.1.8 | 14.00 | 63.60 | 77.60 | NOTE | |
r-devel-linux-x86_64-fedora-gcc | 0.1.8 | 10.00 | 76.17 | 86.17 | NOTE | |
r-devel-windows-x86_64 | 0.1.8 | 7.00 | 67.00 | 74.00 | OK | |
r-patched-linux-x86_64 | 0.1.8 | 5.30 | 42.19 | 47.49 | OK | |
r-release-linux-x86_64 | 0.1.8 | 4.72 | 42.21 | 46.93 | OK | |
r-release-macos-arm64 | 0.1.8 | 3.00 | 40.00 | 43.00 | OK | |
r-release-macos-x86_64 | 0.1.8 | 4.00 | 58.00 | 62.00 | OK | |
r-release-windows-x86_64 | 0.1.8 | 7.00 | 66.00 | 73.00 | OK | |
r-oldrel-macos-arm64 | 0.1.8 | 2.00 | 30.00 | 32.00 | OK | |
r-oldrel-macos-x86_64 | 0.1.8 | 3.00 | 44.00 | 47.00 | OK | |
r-oldrel-windows-x86_64 | 0.1.8 | 9.00 | 73.00 | 82.00 | OK |
Version: 0.1.8
Check: HTML version of manual
Result: NOTE
Found the following HTML validation problems:
editableDT.html:58:1 (editableDT.Rd:16): Warning: missing </ul> before </div>
file2ext.html:46:1 (file2ext.Rd:10): Warning: missing </ul> before </div>
myimport.html:50:1 (myimport.Rd:12): Warning: missing </ul> before </div>
pickerInput3.html:46:1 (pickerInput3.Rd:10): Warning: missing </ul> before </div>
Flavors: r-devel-linux-x86_64-debian-clang, r-devel-linux-x86_64-debian-gcc
Version: 0.1.8
Check: dependencies in R code
Result: NOTE
Namespaces in Imports field not imported from:
‘dplyr’ ‘magrittr’ ‘tibble’
All declared Imports should be used.
Flavors: r-devel-linux-x86_64-fedora-clang, r-devel-linux-x86_64-fedora-gcc