Last updated on 2025-10-21 09:48:30 CEST.
Flavor | Version | Tinstall | Tcheck | Ttotal | Status | Flags |
---|---|---|---|---|---|---|
r-devel-linux-x86_64-debian-clang | 2.9.5 | 8.03 | 70.50 | 78.53 | NOTE | |
r-devel-linux-x86_64-debian-gcc | 2.9.5 | 4.93 | 50.66 | 55.59 | NOTE | |
r-devel-linux-x86_64-fedora-clang | 2.9.5 | 119.19 | OK | |||
r-devel-linux-x86_64-fedora-gcc | 2.9.5 | 122.21 | OK | |||
r-devel-windows-x86_64 | 2.9.5 | 10.00 | 108.00 | 118.00 | NOTE | |
r-patched-linux-x86_64 | 2.9.5 | 8.85 | 66.41 | 75.26 | NOTE | |
r-release-linux-x86_64 | 2.9.5 | 7.37 | 66.59 | 73.96 | NOTE | |
r-release-macos-arm64 | 2.9.5 | 44.00 | OK | |||
r-release-macos-x86_64 | 2.9.5 | 89.00 | OK | |||
r-release-windows-x86_64 | 2.9.5 | 11.00 | 108.00 | 119.00 | NOTE | |
r-oldrel-macos-arm64 | 2.9.5 | 42.00 | OK | |||
r-oldrel-macos-x86_64 | 2.9.5 | 72.00 | OK | |||
r-oldrel-windows-x86_64 | 2.9.5 | 13.00 | 121.00 | 134.00 | OK |
Version: 2.9.5
Check: CRAN incoming feasibility
Result: NOTE
Maintainer: ‘Edwin de Jonge <edwindjonge@gmail.com>’
No Authors@R field in DESCRIPTION.
Please add one, modifying
Authors@R: c(person(given = "Edwin",
family = "de Jonge",
role = c("aut", "cre"),
email = "edwindjonge@gmail.com"),
person(given = "Mark",
family = "van der Loo",
role = "aut"))
as necessary.
Flavors: r-devel-linux-x86_64-debian-clang, r-devel-linux-x86_64-debian-gcc
Version: 2.9.5
Check: Rd cross-references
Result: NOTE
Found the following Rd file(s) with Rd \link{} targets missing package
anchors:
as.lp.mip.Rd: make.lp
editrules.plotting.Rd: as.igraph
editrules_package.Rd: as.igraph
Please provide package anchors for all Rd \link{} targets not in the
package itself and the base packages.
Flavors: r-devel-linux-x86_64-debian-clang, r-devel-linux-x86_64-debian-gcc, r-devel-windows-x86_64, r-patched-linux-x86_64, r-release-linux-x86_64, r-release-windows-x86_64
Version: 2.9.5
Check: HTML version of manual
Result: NOTE
Found the following HTML validation problems:
as.character.cateditmatrix.html:55:1 (as.character.cateditmatrix.Rd:14): Warning: missing </ul> before </div>
as.editset.html:50:1 (as.editset.Rd:12): Warning: missing </ul> before </div>
contains.boolmat.html:55:1 (contains.boolmat.Rd:14): Warning: missing </ul> before </div>
duplicated.editarray.html:51:1 (duplicated.editarray.Rd:12): Warning: missing </ul> before </div>
editnames.html:46:1 (editnames.Rd:10): Warning: missing </ul> before </div>
getVars.cateditmatrix.html:47:1 (getVars.cateditmatrix.Rd:10): Warning: missing </ul> before </div>
indFromArray.html:50:1 (indFromArray.Rd:12): Warning: missing </ul> before </div>
localize.html:85:1 (localize.Rd:35): Warning: missing </ul> before </div>
nedits.html:48:1 (nedits.Rd:11): Warning: missing </ul> before </div>
newerrorlocation.html:69:1 (newerrorlocation.Rd:25): Warning: missing </ul> before </div>
parseCat.html:69:1 (parseCat.Rd:25): Warning: missing </ul> before </div>
parseNum.html:47:1 (parseNum.Rd:10): Warning: missing </ul> before </div>
print.backtracker.html:55:1 (print.backtracker.Rd:14): Warning: missing </ul> before </div>
print.cateditmatrix.html:51:1 (print.cateditmatrix.Rd:12): Warning: missing </ul> before </div>
print.editarray.html:55:1 (print.editarray.Rd:14): Warning: missing </ul> before </div>
print.editlist.html:51:1 (print.editlist.Rd:12): Warning: missing </ul> before </div>
print.editmatrix.html:55:1 (print.editmatrix.Rd:14): Warning: missing </ul> before </div>
print.editset.html:51:1 (print.editset.Rd:12): Warning: missing </ul> before </div>
print.errorLocation.html:51:1 (print.errorLocation.Rd:12): Warning: missing </ul> before </div>
print.violatedEdits.html:47:1 (print.violatedEdits.Rd:10): Warning: missing </ul> before </div>
removeRedundantDummies.html:50:1 (removeRedundantDummies.Rd:12): Warning: missing </ul> before </div>
simplify.html:51:1 (simplify.Rd:12): Warning: missing </ul> before </div>
softEdits.html:52:1 (softEdits.Rd:13): Warning: missing </ul> before </div>
softEdits.cateditmatrix.html:53:1 (softEdits.cateditmatrix.Rd:13): Warning: missing </ul> before </div>
softEdits.editarray.html:53:1 (softEdits.editarray.Rd:13): Warning: missing </ul> before </div>
softEdits.editmatrix.html:53:1 (softEdits.editmatrix.Rd:13): Warning: missing </ul> before </div>
subsetting.html:71:1 (subsetting.Rd:28): Warning: missing </ul> before </div>
Flavor: r-devel-linux-x86_64-debian-gcc