Last updated on 2025-10-21 09:48:30 CEST.
Flavor | Version | Tinstall | Tcheck | Ttotal | Status | Flags |
---|---|---|---|---|---|---|
r-devel-linux-x86_64-debian-clang | 2.11.5 | 26.93 | 167.52 | 194.45 | OK | |
r-devel-linux-x86_64-debian-gcc | 2.11.5 | 17.96 | 117.53 | 135.49 | NOTE | |
r-devel-linux-x86_64-fedora-clang | 2.11.5 | 306.98 | OK | |||
r-devel-linux-x86_64-fedora-gcc | 2.11.5 | 299.18 | OK | |||
r-devel-windows-x86_64 | 2.11.5 | 41.00 | 193.00 | 234.00 | OK | |
r-patched-linux-x86_64 | 2.11.5 | 26.25 | 160.03 | 186.28 | OK | |
r-release-linux-x86_64 | 2.11.5 | 24.23 | 159.73 | 183.96 | OK | |
r-release-macos-arm64 | 2.11.5 | 90.00 | OK | |||
r-release-macos-x86_64 | 2.11.5 | 166.00 | OK | |||
r-release-windows-x86_64 | 2.11.5 | 40.00 | 187.00 | 227.00 | OK | |
r-oldrel-macos-arm64 | 2.11.5 | 94.00 | OK | |||
r-oldrel-macos-x86_64 | 2.11.5 | 188.00 | OK | |||
r-oldrel-windows-x86_64 | 2.11.5 | 50.00 | 216.00 | 266.00 | OK |
Version: 2.11.5
Check: HTML version of manual
Result: NOTE
Found the following HTML validation problems:
frail.fit.html:78:1 (frail.fit.Rd:26): Warning: missing </ul> before </div>
Flavor: r-devel-linux-x86_64-debian-gcc