Last updated on 2025-10-21 09:48:30 CEST.
Flavor | Version | Tinstall | Tcheck | Ttotal | Status | Flags |
---|---|---|---|---|---|---|
r-devel-linux-x86_64-debian-clang | 1.2.1 | 1.69 | 27.50 | 29.19 | OK | |
r-devel-linux-x86_64-debian-gcc | 1.2.1 | 1.64 | 22.44 | 24.08 | NOTE | |
r-devel-linux-x86_64-fedora-clang | 1.2.1 | 44.76 | OK | |||
r-devel-linux-x86_64-fedora-gcc | 1.2.1 | 69.94 | OK | |||
r-devel-windows-x86_64 | 1.2.1 | 3.00 | 54.00 | 57.00 | OK | |
r-patched-linux-x86_64 | 1.2.1 | 2.00 | 24.95 | 26.95 | OK | |
r-release-linux-x86_64 | 1.2.1 | 2.00 | 24.90 | 26.90 | OK | |
r-release-macos-arm64 | 1.2.1 | 50.00 | OK | |||
r-release-macos-x86_64 | 1.2.1 | 137.00 | OK | |||
r-release-windows-x86_64 | 1.2.1 | 3.00 | 53.00 | 56.00 | OK | |
r-oldrel-macos-arm64 | 1.2.1 | 40.00 | OK | |||
r-oldrel-macos-x86_64 | 1.2.1 | 72.00 | OK | |||
r-oldrel-windows-x86_64 | 1.2.1 | 6.00 | 57.00 | 63.00 | OK |
Version: 1.2.1
Check: HTML version of manual
Result: NOTE
Found the following HTML validation problems:
eexample.html:50:1 (eexample.Rd:12): Warning: missing </ul> before </div>
ehelp.palette.html:48:1 (ehelp.palette.Rd:11): Warning: missing </ul> before </div>
format.defns.html:51:1 (format.defns.Rd:12): Warning: missing </ul> before </div>
print.html:46:1 (print.Rd:10): Warning: missing </ul> before </div>
print.ehelp.html:51:1 (print.ehelp.Rd:12): Warning: missing </ul> before </div>
processOutput.html:58:1 (processOutput.Rd:16): Warning: missing </ul> before </div>
simulatePackage.html:51:1 (simulatePackage.Rd:13): Warning: missing </ul> before </div>
write.Fncorpus.html:78:1 (write.Fncorpus.Rd:30): Warning: missing </ul> before </div>
write.Info.html:64:1 (write.Info.Rd:22): Warning: missing </ul> before </div>
write.ehelp.html:50:1 (write.ehelp.Rd:12): Warning: missing </ul> before </div>
write.fmt.html:58:1 (write.fmt.Rd:16): Warning: missing </ul> before </div>
Flavor: r-devel-linux-x86_64-debian-gcc