Last updated on 2025-10-22 09:50:32 CEST.
Flavor | Version | Tinstall | Tcheck | Ttotal | Status | Flags |
---|---|---|---|---|---|---|
r-devel-linux-x86_64-debian-clang | 0.0.1-3 | 4.82 | 34.77 | 39.59 | NOTE | |
r-devel-linux-x86_64-debian-gcc | 0.0.1-3 | 3.32 | 26.74 | 30.06 | NOTE | |
r-devel-linux-x86_64-fedora-clang | 0.0.1-3 | 11.00 | 48.64 | 59.64 | OK | |
r-devel-linux-x86_64-fedora-gcc | 0.0.1-3 | 56.77 | OK | |||
r-devel-windows-x86_64 | 0.0.1-3 | 6.00 | 52.00 | 58.00 | OK | |
r-patched-linux-x86_64 | 0.0.1-3 | 4.38 | 32.95 | 37.33 | OK | |
r-release-linux-x86_64 | 0.0.1-3 | 4.48 | 32.64 | 37.12 | OK | |
r-release-macos-arm64 | 0.0.1-3 | 3.00 | 23.00 | 26.00 | OK | |
r-release-macos-x86_64 | 0.0.1-3 | 5.00 | 36.00 | 41.00 | OK | |
r-release-windows-x86_64 | 0.0.1-3 | 8.00 | 53.00 | 61.00 | OK | |
r-oldrel-macos-arm64 | 0.0.1-3 | 3.00 | 20.00 | 23.00 | OK | |
r-oldrel-macos-x86_64 | 0.0.1-3 | 4.00 | 29.00 | 33.00 | OK | |
r-oldrel-windows-x86_64 | 0.0.1-3 | 9.00 | 62.00 | 71.00 | OK |
Version: 0.0.1-3
Check: CRAN incoming feasibility
Result: NOTE
Maintainer: ‘Jose M. Pavía <jose.m.pavia@uv.es>’
Package CITATION file contains call(s) to old-style personList() or
as.personList(). Please use c() on person objects instead.
Package CITATION file contains call(s) to old-style citEntry(). Please
use bibentry() instead.
Flavors: r-devel-linux-x86_64-debian-clang, r-devel-linux-x86_64-debian-gcc