Last updated on 2025-07-05 09:49:22 CEST.
Flavor | Version | Tinstall | Tcheck | Ttotal | Status | Flags |
---|---|---|---|---|---|---|
r-devel-linux-x86_64-debian-clang | 0.1.1 | 2.90 | 58.35 | 61.25 | NOTE | |
r-devel-linux-x86_64-debian-gcc | 0.1.1 | 2.02 | 46.53 | 48.55 | NOTE | |
r-devel-linux-x86_64-fedora-clang | 0.1.1 | 89.95 | OK | |||
r-devel-linux-x86_64-fedora-gcc | 0.1.1 | 101.64 | OK | |||
r-devel-windows-x86_64 | 0.1.1 | 4.00 | 70.00 | 74.00 | OK | |
r-patched-linux-x86_64 | 0.1.1 | 2.73 | 56.81 | 59.54 | OK | |
r-release-linux-x86_64 | 0.1.1 | 2.42 | 56.67 | 59.09 | OK | |
r-release-macos-arm64 | 0.1.1 | 57.00 | OK | |||
r-release-macos-x86_64 | 0.1.1 | 90.00 | OK | |||
r-release-windows-x86_64 | 0.1.1 | 4.00 | 69.00 | 73.00 | OK | |
r-oldrel-macos-arm64 | 0.1.1 | 36.00 | OK | |||
r-oldrel-macos-x86_64 | 0.1.1 | 79.00 | OK | |||
r-oldrel-windows-x86_64 | 0.1.1 | 7.00 | 80.00 | 87.00 | OK |
Version: 0.1.1
Check: CRAN incoming feasibility
Result: NOTE
Maintainer: ‘Wayne Oldford <rwoldford@uwaterloo.ca>’
Found the following (possibly) invalid file URI:
URI: introduction.html
From: inst/doc/IndependenceExploration.html
Flavors: r-devel-linux-x86_64-debian-clang, r-devel-linux-x86_64-debian-gcc