Last updated on 2025-10-21 09:48:31 CEST.
Flavor | Version | Tinstall | Tcheck | Ttotal | Status | Flags |
---|---|---|---|---|---|---|
r-devel-linux-x86_64-debian-clang | 0.9.3 | 7.85 | 63.07 | 70.92 | OK | |
r-devel-linux-x86_64-debian-gcc | 0.9.3 | 5.11 | 45.45 | 50.56 | NOTE | |
r-devel-linux-x86_64-fedora-clang | 0.9.3 | 108.54 | OK | |||
r-devel-linux-x86_64-fedora-gcc | 0.9.3 | 99.61 | OK | |||
r-devel-windows-x86_64 | 0.9.3 | 10.00 | 80.00 | 90.00 | OK | |
r-patched-linux-x86_64 | 0.9.3 | 8.57 | 56.79 | 65.36 | OK | |
r-release-linux-x86_64 | 0.9.3 | 6.49 | 56.36 | 62.85 | OK | |
r-release-macos-arm64 | 0.9.3 | 34.00 | OK | |||
r-release-macos-x86_64 | 0.9.3 | 91.00 | OK | |||
r-release-windows-x86_64 | 0.9.3 | 12.00 | 84.00 | 96.00 | OK | |
r-oldrel-macos-arm64 | 0.9.3 | 39.00 | OK | |||
r-oldrel-macos-x86_64 | 0.9.3 | 69.00 | OK | |||
r-oldrel-windows-x86_64 | 0.9.3 | 12.00 | 99.00 | 111.00 | OK |
Version: 0.9.3
Check: HTML version of manual
Result: NOTE
Found the following HTML validation problems:
after.envelope.html:51:1 (after.envelope.Rd:12): Warning: missing </ul> before </div>
as.character.MIME.html:51:1 (as.character.MIME.Rd:12): Warning: missing </ul> before </div>
mime-parameters.html:104:1 (mime-parameters.Rd:42): Warning: missing </ul> before </div>
Flavor: r-devel-linux-x86_64-debian-gcc