Last updated on 2025-10-22 09:50:32 CEST.
Flavor | Version | Tinstall | Tcheck | Ttotal | Status | Flags |
---|---|---|---|---|---|---|
r-devel-linux-x86_64-debian-clang | 0.6.0 | 9.24 | 103.13 | 112.37 | NOTE | |
r-devel-linux-x86_64-debian-gcc | 0.6.0 | 4.85 | 71.30 | 76.15 | NOTE | |
r-devel-linux-x86_64-fedora-clang | 0.6.0 | 23.00 | 146.16 | 169.16 | OK | |
r-devel-linux-x86_64-fedora-gcc | 0.6.0 | 19.00 | 156.51 | 175.51 | OK | |
r-devel-windows-x86_64 | 0.6.0 | 10.00 | 99.00 | 109.00 | OK | |
r-patched-linux-x86_64 | 0.6.0 | 10.41 | 96.84 | 107.25 | OK | |
r-release-linux-x86_64 | 0.6.0 | 7.65 | 96.94 | 104.59 | OK | |
r-release-macos-arm64 | 0.6.0 | 3.00 | 46.00 | 49.00 | OK | |
r-release-macos-x86_64 | 0.6.0 | 7.00 | 104.00 | 111.00 | OK | |
r-release-windows-x86_64 | 0.6.0 | 12.00 | 110.00 | 122.00 | OK | |
r-oldrel-macos-arm64 | 0.6.0 | 4.00 | 82.00 | 86.00 | OK | |
r-oldrel-macos-x86_64 | 0.6.0 | 9.00 | 79.00 | 88.00 | OK | |
r-oldrel-windows-x86_64 | 0.6.0 | 14.00 | 134.00 | 148.00 | OK |
Version: 0.6.0
Check: HTML version of manual
Result: NOTE
Found the following HTML validation problems:
censor_data.html:65:1 (censor_data.Rd:23): Warning: missing </ul> before </div>
dmvnorm.html:54:1 (dmvnorm.Rd:14): Warning: missing </ul> before </div>
Flavors: r-devel-linux-x86_64-debian-clang, r-devel-linux-x86_64-debian-gcc