Last updated on 2025-10-21 09:48:31 CEST.
Flavor | Version | Tinstall | Tcheck | Ttotal | Status | Flags |
---|---|---|---|---|---|---|
r-devel-linux-x86_64-debian-clang | 0.1.4 | 4.24 | 40.90 | 45.14 | OK | |
r-devel-linux-x86_64-debian-gcc | 0.1.4 | 2.83 | 31.29 | 34.12 | NOTE | |
r-devel-linux-x86_64-fedora-clang | 0.1.4 | 68.64 | OK | |||
r-devel-linux-x86_64-fedora-gcc | 0.1.4 | 64.13 | OK | |||
r-devel-windows-x86_64 | 0.1.4 | 6.00 | 55.00 | 61.00 | OK | |
r-patched-linux-x86_64 | 0.1.4 | 4.44 | 37.22 | 41.66 | OK | |
r-release-linux-x86_64 | 0.1.4 | 3.81 | 37.64 | 41.45 | OK | |
r-release-macos-arm64 | 0.1.4 | 24.00 | OK | |||
r-release-macos-x86_64 | 0.1.4 | 43.00 | OK | |||
r-release-windows-x86_64 | 0.1.4 | 8.00 | 59.00 | 67.00 | OK | |
r-oldrel-macos-arm64 | 0.1.4 | 29.00 | OK | |||
r-oldrel-macos-x86_64 | 0.1.4 | 53.00 | OK | |||
r-oldrel-windows-x86_64 | 0.1.4 | 7.00 | 67.00 | 74.00 | OK |
Version: 0.1.4
Check: HTML version of manual
Result: NOTE
Found the following HTML validation problems:
assign_to_global.html:45:1 (assign_to_global.Rd:10): Warning: missing </ul> before </div>
hex2raw.html:45:1 (hex2raw.Rd:10): Warning: missing </ul> before </div>
raw2hex.html:45:1 (raw2hex.Rd:10): Warning: missing </ul> before </div>
Flavor: r-devel-linux-x86_64-debian-gcc