CRAN Package Check Results for Package ensemblepp

Last updated on 2025-07-03 09:50:40 CEST.

Flavor Version Tinstall Tcheck Ttotal Status Flags
r-devel-linux-x86_64-debian-clang 1.0-0 1.27 16.41 17.68 NOTE
r-devel-linux-x86_64-debian-gcc 1.0-0 0.97 13.63 14.60 NOTE
r-devel-linux-x86_64-fedora-clang 1.0-0 26.40 OK
r-devel-linux-x86_64-fedora-gcc 1.0-0 26.31 OK
r-devel-windows-x86_64 1.0-0 3.00 43.00 46.00 OK
r-patched-linux-x86_64 1.0-0 1.24 15.52 16.76 OK
r-release-linux-x86_64 1.0-0 1.22 15.29 16.51 OK
r-release-macos-arm64 1.0-0 15.00 OK
r-release-macos-x86_64 1.0-0 22.00 OK
r-release-windows-x86_64 1.0-0 3.00 43.00 46.00 OK
r-oldrel-macos-arm64 1.0-0 14.00 OK
r-oldrel-macos-x86_64 1.0-0 19.00 OK
r-oldrel-windows-x86_64 1.0-0 2.00 44.00 46.00 OK

Check Details

Version: 1.0-0
Check: CRAN incoming feasibility
Result: NOTE Maintainer: ‘Jakob Messner <jakob.messner@posteo.net>’ Package CITATION file contains call(s) to old-style personList() or as.personList(). Please use c() on person objects instead. Package CITATION file contains call(s) to old-style citEntry(). Please use bibentry() instead. Flavors: r-devel-linux-x86_64-debian-clang, r-devel-linux-x86_64-debian-gcc