Last updated on 2025-10-21 09:48:31 CEST.
| Flavor | Version | Tinstall | Tcheck | Ttotal | Status | Flags |
|---|---|---|---|---|---|---|
| r-devel-linux-x86_64-debian-clang | 1.10.0 | 9.22 | 76.87 | 86.09 | OK | |
| r-devel-linux-x86_64-debian-gcc | 1.10.0 | 6.40 | 59.07 | 65.47 | NOTE | |
| r-devel-linux-x86_64-fedora-clang | 1.10.0 | 142.34 | OK | |||
| r-devel-linux-x86_64-fedora-gcc | 1.10.0 | 127.96 | OK | |||
| r-devel-windows-x86_64 | 1.10.0 | 11.00 | 90.00 | 101.00 | OK | |
| r-patched-linux-x86_64 | 1.10.0 | 10.35 | 75.79 | 86.14 | OK | |
| r-release-linux-x86_64 | 1.10.0 | 9.67 | 74.49 | 84.16 | OK | |
| r-release-macos-arm64 | 1.10.0 | 50.00 | OK | |||
| r-release-macos-x86_64 | 1.10.0 | 81.00 | OK | |||
| r-release-windows-x86_64 | 1.10.0 | 11.00 | 93.00 | 104.00 | OK | |
| r-oldrel-macos-arm64 | 1.10.0 | 41.00 | OK | |||
| r-oldrel-macos-x86_64 | 1.10.0 | 100.00 | OK | |||
| r-oldrel-windows-x86_64 | 1.10.0 | 15.00 | 114.00 | 129.00 | OK |
Version: 1.10.0
Check: HTML version of manual
Result: NOTE
Found the following HTML validation problems:
cash-enve.GrowthCurve-method.html:51:1 (cash-enve.GrowthCurve-method.Rd:12): Warning: missing </ul> before </div>
cash-enve.RecPlot2-method.html:51:1 (cash-enve.RecPlot2-method.Rd:12): Warning: missing </ul> before </div>
cash-enve.RecPlot2.Peak-method.html:51:1 (cash-enve.RecPlot2.Peak-method.Rd:12): Warning: missing </ul> before </div>
Flavor: r-devel-linux-x86_64-debian-gcc