Last updated on 2025-10-21 09:48:31 CEST.
Flavor | Version | Tinstall | Tcheck | Ttotal | Status | Flags |
---|---|---|---|---|---|---|
r-devel-linux-x86_64-debian-clang | 0.2.2 | 10.81 | 101.85 | 112.66 | OK | |
r-devel-linux-x86_64-debian-gcc | 0.2.2 | 7.82 | 72.26 | 80.08 | NOTE | |
r-devel-linux-x86_64-fedora-clang | 0.2.2 | 180.09 | OK | |||
r-devel-linux-x86_64-fedora-gcc | 0.2.2 | 180.75 | OK | |||
r-devel-windows-x86_64 | 0.2.2 | 12.00 | 108.00 | 120.00 | OK | |
r-patched-linux-x86_64 | 0.2.2 | 10.35 | 95.10 | 105.45 | OK | |
r-release-linux-x86_64 | 0.2.2 | 8.68 | 95.87 | 104.55 | OK | |
r-release-macos-arm64 | 0.2.2 | 49.00 | OK | |||
r-release-macos-x86_64 | 0.2.2 | 112.00 | OK | |||
r-release-windows-x86_64 | 0.2.2 | 15.00 | 113.00 | 128.00 | OK | |
r-oldrel-macos-arm64 | 0.2.2 | 44.00 | OK | |||
r-oldrel-macos-x86_64 | 0.2.2 | 93.00 | OK | |||
r-oldrel-windows-x86_64 | 0.2.2 | 16.00 | 135.00 | 151.00 | OK |
Version: 0.2.2
Check: HTML version of manual
Result: NOTE
Found the following HTML validation problems:
col2hex.html:46:1 (col2hex.Rd:10): Warning: missing </ul> before </div>
dot-getext.html:46:1 (dot-getext.Rd:10): Warning: missing </ul> before </div>
dot-getfilename.html:46:1 (dot-getfilename.Rd:10): Warning: missing </ul> before </div>
Flavor: r-devel-linux-x86_64-debian-gcc