CRAN Package Check Results for Package epidata

Last updated on 2025-10-22 09:50:32 CEST.

Flavor Version Tinstall Tcheck Ttotal Status Flags
r-devel-linux-x86_64-debian-clang 0.4.0 5.88 51.40 57.28 OK
r-devel-linux-x86_64-debian-gcc 0.4.0 4.37 37.95 42.32 OK
r-devel-linux-x86_64-fedora-clang 0.4.0 16.00 68.70 84.70 NOTE
r-devel-linux-x86_64-fedora-gcc 0.4.0 10.00 68.18 78.18 NOTE
r-devel-windows-x86_64 0.4.0 8.00 85.00 93.00 OK
r-patched-linux-x86_64 0.4.0 4.87 46.56 51.43 OK
r-release-linux-x86_64 0.4.0 5.52 45.84 51.36 OK
r-release-macos-arm64 0.4.0 3.00 50.00 53.00 OK
r-release-macos-x86_64 0.4.0 6.00 72.00 78.00 OK
r-release-windows-x86_64 0.4.0 11.00 86.00 97.00 OK
r-oldrel-macos-arm64 0.4.0 3.00 48.00 51.00 OK
r-oldrel-macos-x86_64 0.4.0 4.00 55.00 59.00 OK
r-oldrel-windows-x86_64 0.4.0 10.00 101.00 111.00 OK

Check Details

Version: 0.4.0
Check: dependencies in R code
Result: NOTE Namespace in Imports field not imported from: ‘tinytest’ All declared Imports should be used. Flavors: r-devel-linux-x86_64-fedora-clang, r-devel-linux-x86_64-fedora-gcc