Last updated on 2025-10-21 09:48:31 CEST.
Flavor | Version | Tinstall | Tcheck | Ttotal | Status | Flags |
---|---|---|---|---|---|---|
r-devel-linux-x86_64-debian-clang | 0.3.0 | 38.26 | 375.99 | 414.25 | OK | |
r-devel-linux-x86_64-debian-gcc | 0.3.0 | 28.36 | 243.42 | 271.78 | NOTE | |
r-devel-linux-x86_64-fedora-clang | 0.3.0 | 672.02 | OK | |||
r-devel-linux-x86_64-fedora-gcc | 0.3.0 | 645.35 | OK | |||
r-devel-windows-x86_64 | 0.3.0 | 43.00 | 317.00 | 360.00 | OK | |
r-patched-linux-x86_64 | 0.3.0 | 46.54 | 356.30 | 402.84 | OK | |
r-release-linux-x86_64 | 0.3.0 | 44.18 | 357.31 | 401.49 | OK | |
r-release-macos-arm64 | 0.3.0 | 154.00 | OK | |||
r-release-macos-x86_64 | 0.3.0 | 304.00 | OK | |||
r-release-windows-x86_64 | 0.3.0 | 48.00 | 320.00 | 368.00 | OK | |
r-oldrel-macos-arm64 | 0.3.0 | 160.00 | OK | |||
r-oldrel-macos-x86_64 | 0.3.0 | 314.00 | OK | |||
r-oldrel-windows-x86_64 | 0.3.0 | 58.00 | 442.00 | 500.00 | OK |
Version: 0.3.0
Check: top-level files
Result: NOTE
Found the following validation problem for the NEWS.Rd HTML conversion:
NEWS.html:324:1 (inst/NEWS.Rd:272): Warning: missing </ul> before </div>
NEWS.html:146:1 (inst/NEWS.Rd:155): Warning: <h4> anchor "NEW-FEATURES" already defined
NEWS.html:159:1 (inst/NEWS.Rd:164): Warning: <h4> anchor "BUG-FIXES" already defined
NEWS.html:172:1 (inst/NEWS.Rd:173): Warning: <h4> anchor "OTHER-USER-VISIBLE-CHANGES" already defined
NEWS.html:194:1 (inst/NEWS.Rd:190): Warning: <h4> anchor "NEW-FEATURES" already defined
NEWS.html:208:1 (inst/NEWS.Rd:198): Warning: <h4> anchor "BUG-FIXES" already defined
NEWS.html:223:1 (inst/NEWS.Rd:209): Warning: <h4> anchor "BUG-FIXES" already defined
NEWS.html:240:1 (inst/NEWS.Rd:219): Warning: <h4> anchor "OTHER-USER-VISIBLE-CHANGES" already defined
NEWS.html:255:1 (inst/NEWS.Rd:229): Warning: <h4> anchor "NEW-FEATURES" already defined
NEWS.html:268:1 (inst/NEWS.Rd:238): Warning: <h4> anchor "BUG-FIXES" already defined
NEWS.html:286:1 (inst/NEWS.Rd:250): Warning: <h4> anchor "OTHER-USER-VISIBLE-CHANGES" already defined
NEWS.html:308:1 (inst/NEWS.Rd:265): Warning: <h4> anchor "NEW-FEATURES" already defined
Flavor: r-devel-linux-x86_64-debian-gcc
Version: 0.3.0
Check: HTML version of manual
Result: NOTE
Found the following HTML validation problems:
CMBL-ergmTerm-faa5fa2c.html:72:1 (CMBL-ergmTerm-faa5fa2c.Rd:30): Warning: missing </ul> before </div>
L-ergmTerm-719c792f.html:64:1 (L-ergmTerm-719c792f.Rd:23): Warning: missing </ul> before </div>
N-ergmTerm-c9b59cc1.html:170:1 (N-ergmTerm-c9b59cc1.Rd:114): Warning: missing </ul> before </div>
b1dspL-ergmTerm-50daeb76.html:87:1 (b1dspL-ergmTerm-50daeb76.Rd:43): Warning: missing </ul> before </div>
b2dspL-ergmTerm-fe3c0be7.html:86:1 (b2dspL-ergmTerm-fe3c0be7.Rd:42): Warning: missing </ul> before </div>
blacklist_block-ergmConstraint-0070df6d.html:73:1 (blacklist_block-ergmConstraint-0070df6d.Rd:32): Warning: missing </ul> before </div>
ddspL-ergmTerm-c6c3ac1f.html:118:1 (ddspL-ergmTerm-c6c3ac1f.Rd:65): Warning: missing </ul> before </div>
despL-ergmTerm-acc8d5da.html:131:1 (despL-ergmTerm-acc8d5da.Rd:72): Warning: missing </ul> before </div>
dgwdspL-ergmTerm-48851f13.html:143:1 (dgwdspL-ergmTerm-48851f13.Rd:82): Warning: missing </ul> before </div>
dgwespL-ergmTerm-b8c0bfe5.html:148:1 (dgwespL-ergmTerm-b8c0bfe5.Rd:85): Warning: missing </ul> before </div>
dgwnspL-ergmTerm-0bfd6ad4.html:148:1 (dgwnspL-ergmTerm-0bfd6ad4.Rd:85): Warning: missing </ul> before </div>
direct.network.html:51:1 (direct.network.Rd:13): Warning: missing </ul> before </div>
dnspL-ergmTerm-ed78e6f3.html:131:1 (dnspL-ergmTerm-ed78e6f3.Rd:72): Warning: missing </ul> before </div>
ergm.multi_combiner.html:53:1 (ergm.multi_combiner.Rd:14): Warning: missing </ul> before </div>
gwb1dspL-ergmTerm-e11e8513.html:100:1 (gwb1dspL-ergmTerm-e11e8513.Rd:52): Warning: missing </ul> before </div>
gwb2dspL-ergmTerm-a90bec3f.html:100:1 (gwb2dspL-ergmTerm-a90bec3f.Rd:52): Warning: missing </ul> before </div>
mutualL-ergmTerm-86ebfbbf.html:92:1 (mutualL-ergmTerm-86ebfbbf.Rd:42): Warning: missing </ul> before </div>
twostarL-ergmTerm-57211220.html:91:1 (twostarL-ergmTerm-57211220.Rd:43): Warning: missing </ul> before </div>
upper_tri-ergmConstraint-f7ecd164.html:61:1 (upper_tri-ergmConstraint-f7ecd164.Rd:22): Warning: missing </ul> before </div>
Flavor: r-devel-linux-x86_64-debian-gcc