Last updated on 2025-10-21 09:48:31 CEST.
Flavor | Version | Tinstall | Tcheck | Ttotal | Status | Flags |
---|---|---|---|---|---|---|
r-devel-linux-x86_64-debian-clang | 0.2.3 | 39.16 | 1159.52 | 1198.68 | OK | |
r-devel-linux-x86_64-debian-gcc | 0.2.3 | 25.80 | 775.54 | 801.34 | NOTE | |
r-devel-linux-x86_64-fedora-clang | 0.2.3 | 1997.36 | OK | |||
r-devel-linux-x86_64-fedora-gcc | 0.2.3 | 1826.06 | OK | |||
r-devel-windows-x86_64 | 0.2.3 | 35.00 | 1059.00 | 1094.00 | OK | |
r-patched-linux-x86_64 | 0.2.3 | 33.18 | 1122.81 | 1155.99 | OK | |
r-release-linux-x86_64 | 0.2.3 | 35.53 | 1127.44 | 1162.97 | OK | |
r-release-macos-arm64 | 0.2.3 | 425.00 | OK | |||
r-release-macos-x86_64 | 0.2.3 | 978.00 | OK | |||
r-release-windows-x86_64 | 0.2.3 | 39.00 | 917.00 | 956.00 | OK | |
r-oldrel-macos-arm64 | 0.2.3 | 422.00 | NOTE | |||
r-oldrel-macos-x86_64 | 0.2.3 | 1107.00 | NOTE | |||
r-oldrel-windows-x86_64 | 0.2.3 | 47.00 | 1454.00 | 1501.00 | NOTE |
Version: 0.2.3
Check: HTML version of manual
Result: NOTE
Found the following HTML validation problems:
CorrelatedPatientSample.html:150:1 (CorrelatedPatientSample.Rd:96): Warning: <h5> anchor "Usage" already defined
CorrelatedPatientSample.html:156:1 (CorrelatedPatientSample.Rd:100): Warning: <h5> anchor "Arguments" already defined
CorrelatedPatientSample.html:179:1 (CorrelatedPatientSample.Rd:113): Warning: <h5> anchor "Usage" already defined
CorrelatedPatientSample.html:185:1 (CorrelatedPatientSample.Rd:117): Warning: <h5> anchor "Arguments" already defined
PatientSample.html:153:1 (PatientSample.Rd:92): Warning: <h5> anchor "Usage" already defined
PatientSample.html:164:1 (PatientSample.Rd:101): Warning: <h5> anchor "Arguments" already defined
PatientSample.html:195:1 (PatientSample.Rd:122): Warning: <h5> anchor "Usage" already defined
PatientSample.html:201:1 (PatientSample.Rd:126): Warning: <h5> anchor "Arguments" already defined
PatientSample.html:224:1 (PatientSample.Rd:139): Warning: <h5> anchor "Usage" already defined
PatientSample.html:230:1 (PatientSample.Rd:143): Warning: <h5> anchor "Arguments" already defined
PatientSample.html:253:1 (PatientSample.Rd:156): Warning: <h5> anchor "Usage" already defined
PatientSample.html:259:1 (PatientSample.Rd:160): Warning: <h5> anchor "Arguments" already defined
PatientSample.html:286:1 (PatientSample.Rd:177): Warning: <h5> anchor "Usage" already defined
PatientSample.html:292:1 (PatientSample.Rd:181): Warning: <h5> anchor "Arguments" already defined
PatientSample.html:315:1 (PatientSample.Rd:194): Warning: <h5> anchor "Usage" already defined
PatientSample.html:321:1 (PatientSample.Rd:198): Warning: <h5> anchor "Arguments" already defined
PatientSample.html:348:1 (PatientSample.Rd:215): Warning: <h5> anchor "Usage" already defined
PatientSample.html:354:1 (PatientSample.Rd:219): Warning: <h5> anchor "Arguments" already defined
check_simulations_consistency.html:46:1 (check_simulations_consistency.Rd:10): Warning: missing </ul> before </div>
Flavor: r-devel-linux-x86_64-debian-gcc
Version: 0.2.3
Check: installed package size
Result: NOTE
installed size is 16.8Mb
sub-directories of 1Mb or more:
doc 15.9Mb
Flavors: r-oldrel-macos-arm64, r-oldrel-macos-x86_64, r-oldrel-windows-x86_64