Last updated on 2025-10-21 09:48:31 CEST.
Flavor | Version | Tinstall | Tcheck | Ttotal | Status | Flags |
---|---|---|---|---|---|---|
r-devel-linux-x86_64-debian-clang | 0.3.0 | 5.46 | 41.17 | 46.63 | OK | |
r-devel-linux-x86_64-debian-gcc | 0.3.0 | 3.57 | 30.09 | 33.66 | NOTE | |
r-devel-linux-x86_64-fedora-clang | 0.3.0 | 72.34 | OK | |||
r-devel-linux-x86_64-fedora-gcc | 0.3.0 | 64.11 | OK | |||
r-devel-windows-x86_64 | 0.3.0 | 6.00 | 61.00 | 67.00 | OK | |
r-patched-linux-x86_64 | 0.3.0 | 5.90 | 37.55 | 43.45 | OK | |
r-release-linux-x86_64 | 0.3.0 | 4.69 | 38.44 | 43.13 | OK | |
r-release-macos-arm64 | 0.3.0 | 25.00 | OK | |||
r-release-macos-x86_64 | 0.3.0 | 48.00 | OK | |||
r-release-windows-x86_64 | 0.3.0 | 9.00 | 60.00 | 69.00 | OK | |
r-oldrel-macos-arm64 | 0.3.0 | 26.00 | OK | |||
r-oldrel-macos-x86_64 | 0.3.0 | 51.00 | OK | |||
r-oldrel-windows-x86_64 | 0.3.0 | 9.00 | 75.00 | 84.00 | OK |
Version: 0.3.0
Check: HTML version of manual
Result: NOTE
Found the following HTML validation problems:
dbAppendTable.html:54:1 (dbAppendTable.Rd:14): Warning: missing </ul> before </div>
dbInsertUpdateByRow.html:58:1 (dbInsertUpdateByRow.Rd:16): Warning: missing </ul> before </div>
Flavor: r-devel-linux-x86_64-debian-gcc