Last updated on 2025-10-21 09:48:31 CEST.
Flavor | Version | Tinstall | Tcheck | Ttotal | Status | Flags |
---|---|---|---|---|---|---|
r-devel-linux-x86_64-debian-clang | 0.2.4 | 2.24 | 43.30 | 45.54 | OK | |
r-devel-linux-x86_64-debian-gcc | 0.2.4 | 1.45 | 34.06 | 35.51 | NOTE | |
r-devel-linux-x86_64-fedora-clang | 0.2.4 | 70.28 | OK | |||
r-devel-linux-x86_64-fedora-gcc | 0.2.4 | 80.73 | OK | |||
r-devel-windows-x86_64 | 0.2.4 | 4.00 | 58.00 | 62.00 | OK | |
r-patched-linux-x86_64 | 0.2.4 | 2.30 | 41.25 | 43.55 | OK | |
r-release-linux-x86_64 | 0.2.4 | 1.98 | 42.08 | 44.06 | OK | |
r-release-macos-arm64 | 0.2.4 | 31.00 | OK | |||
r-release-macos-x86_64 | 0.2.4 | 61.00 | OK | |||
r-release-windows-x86_64 | 0.2.4 | 5.00 | 60.00 | 65.00 | OK | |
r-oldrel-macos-arm64 | 0.2.4 | 27.00 | NOTE | |||
r-oldrel-macos-x86_64 | 0.2.4 | 46.00 | NOTE | |||
r-oldrel-windows-x86_64 | 0.2.4 | 5.00 | 69.00 | 74.00 | NOTE |
Version: 0.2.4
Check: HTML version of manual
Result: NOTE
Found the following HTML validation problems:
ezmmek_calc_mm_fit.html:54:1 (ezmmek_calc_mm_fit.Rd:14): Warning: missing </ul> before </div>
ezmmek_calc_std_lm_buffer.html:46:1 (ezmmek_calc_std_lm_buffer.Rd:10): Warning: missing </ul> before </div>
ezmmek_calc_std_lm_homo.html:46:1 (ezmmek_calc_std_lm_homo.Rd:10): Warning: missing </ul> before </div>
ezmmek_calc_std_lm_homo_buffer.html:46:1 (ezmmek_calc_std_lm_homo_buffer.Rd:10): Warning: missing </ul> before </div>
ezmmek_calibrate_activities.html:54:1 (ezmmek_calibrate_activities.Rd:14): Warning: missing </ul> before </div>
ezmmek_std_lm.html:54:1 (ezmmek_std_lm.Rd:14): Warning: missing </ul> before </div>
Flavor: r-devel-linux-x86_64-debian-gcc
Version: 0.2.4
Check: LazyData
Result: NOTE
'LazyData' is specified without a 'data' directory
Flavors: r-oldrel-macos-arm64, r-oldrel-macos-x86_64, r-oldrel-windows-x86_64