Last updated on 2025-10-21 09:48:31 CEST.
Flavor | Version | Tinstall | Tcheck | Ttotal | Status | Flags |
---|---|---|---|---|---|---|
r-devel-linux-x86_64-debian-clang | 0.5.1 | 18.02 | 211.06 | 229.08 | OK | |
r-devel-linux-x86_64-debian-gcc | 0.5.1 | 9.94 | 143.51 | 153.45 | NOTE | |
r-devel-linux-x86_64-fedora-clang | 0.5.1 | 382.05 | OK | |||
r-devel-linux-x86_64-fedora-gcc | 0.5.1 | 352.35 | OK | |||
r-devel-windows-x86_64 | 0.5.1 | 19.00 | 203.00 | 222.00 | OK | |
r-patched-linux-x86_64 | 0.5.1 | 18.92 | 200.03 | 218.95 | OK | |
r-release-linux-x86_64 | 0.5.1 | 16.03 | 201.48 | 217.51 | OK | |
r-release-macos-arm64 | 0.5.1 | 85.00 | OK | |||
r-release-macos-x86_64 | 0.5.1 | 213.00 | OK | |||
r-release-windows-x86_64 | 0.5.1 | 21.00 | 201.00 | 222.00 | OK | |
r-oldrel-macos-arm64 | 0.5.1 | 87.00 | OK | |||
r-oldrel-macos-x86_64 | 0.5.1 | 198.00 | OK | |||
r-oldrel-windows-x86_64 | 0.5.1 | 25.00 | 266.00 | 291.00 | OK |
Version: 0.5.1
Check: HTML version of manual
Result: NOTE
Found the following HTML validation problems:
as-dable.html:74:1 (as-dable.Rd:28): Warning: missing </ul> before </div>
as-fable.html:84:1 (as-fable.Rd:40): Warning: missing </ul> before </div>
as_mable.html:61:1 (as_mable.Rd:19): Warning: missing </ul> before </div>
common_xregs.html:113:1 (common_xregs.Rd:51): Warning: missing </ul> before </div>
construct_fc.html:59:1 (construct_fc.Rd:14): Warning: missing </ul> before </div>
dable.html:69:1 (dable.Rd:20): Warning: missing </ul> before </div>
distribution_var.html:47:1 (distribution_var.Rd:10): Warning: missing </ul> before </div>
estimate.html:57:1 (estimate.Rd:17): Warning: missing </ul> before </div>
fable.html:58:1 (fable.Rd:15): Warning: missing </ul> before </div>
fitted.mdl_df.html:60:1 (fitted.mdl_df.Rd:18): Warning: missing </ul> before </div>
is_dable.html:46:1 (is_dable.Rd:10): Warning: missing </ul> before </div>
is_fable.html:46:1 (is_fable.Rd:10): Warning: missing </ul> before </div>
is_mable.html:46:1 (is_mable.Rd:10): Warning: missing </ul> before </div>
is_model.html:46:1 (is_model.Rd:10): Warning: missing </ul> before </div>
mable.html:58:1 (mable.Rd:14): Warning: missing </ul> before </div>
mable_vars.html:47:1 (mable_vars.Rd:10): Warning: missing </ul> before </div>
model_lhs.html:46:1 (model_lhs.Rd:10): Warning: missing </ul> before </div>
model_rhs.html:46:1 (model_rhs.Rd:10): Warning: missing </ul> before </div>
model_sum.html:46:1 (model_sum.Rd:10): Warning: missing </ul> before </div>
new_specials.html:54:1 (new_specials.Rd:14): Warning: missing </ul> before </div>
null_model.html:58:1 (null_model.Rd:17): Warning: missing </ul> before </div>
outliers.html:56:1 (outliers.Rd:18): Warning: missing </ul> before </div>
parse_model.html:47:1 (parse_model.Rd:10): Warning: missing </ul> before </div>
parse_model_lhs.html:46:1 (parse_model_lhs.Rd:10): Warning: missing </ul> before </div>
parse_model_rhs.html:46:1 (parse_model_rhs.Rd:10): Warning: missing </ul> before </div>
report.html:50:1 (report.Rd:12): Warning: missing </ul> before </div>
residuals.mdl_df.html:59:1 (residuals.mdl_df.Rd:17): Warning: missing </ul> before </div>
response.html:51:1 (response.Rd:12): Warning: missing </ul> before </div>
response_vars.html:47:1 (response_vars.Rd:10): Warning: missing </ul> before </div>
scenarios.html:50:1 (scenarios.Rd:12): Warning: missing </ul> before </div>
stream.html:58:1 (stream.Rd:17): Warning: missing </ul> before </div>
traverse.html:68:1 (traverse.Rd:24): Warning: missing </ul> before </div>
validate_formula.html:51:1 (validate_formula.Rd:12): Warning: missing </ul> before </div>
Flavor: r-devel-linux-x86_64-debian-gcc