Last updated on 2025-10-21 09:48:32 CEST.
Flavor | Version | Tinstall | Tcheck | Ttotal | Status | Flags |
---|---|---|---|---|---|---|
r-devel-linux-x86_64-debian-clang | 1.3.0 | 11.20 | 80.54 | 91.74 | OK | |
r-devel-linux-x86_64-debian-gcc | 1.3.0 | 6.22 | 60.22 | 66.44 | NOTE | |
r-devel-linux-x86_64-fedora-clang | 1.3.0 | 146.86 | NOTE | |||
r-devel-linux-x86_64-fedora-gcc | 1.3.0 | 150.03 | NOTE | |||
r-devel-windows-x86_64 | 1.3.0 | 12.00 | 105.00 | 117.00 | OK | |
r-patched-linux-x86_64 | 1.3.0 | 10.18 | 76.44 | 86.62 | OK | |
r-release-linux-x86_64 | 1.3.0 | 10.96 | 75.56 | 86.52 | OK | |
r-release-macos-arm64 | 1.3.0 | 63.00 | OK | |||
r-release-macos-x86_64 | 1.3.0 | 126.00 | OK | |||
r-release-windows-x86_64 | 1.3.0 | 13.00 | 106.00 | 119.00 | OK | |
r-oldrel-macos-arm64 | 1.3.0 | 175.00 | OK | |||
r-oldrel-macos-x86_64 | 1.3.0 | 115.00 | OK | |||
r-oldrel-windows-x86_64 | 1.3.0 | 15.00 | 125.00 | 140.00 | OK |
Version: 1.3.0
Check: HTML version of manual
Result: NOTE
Found the following HTML validation problems:
Fire.html:271:1 (Fire.Rd:191): Warning: <h5> anchor "Usage" already defined
Fire.html:277:1 (Fire.Rd:195): Warning: <h5> anchor "Arguments" already defined
Fire.html:290:1 (Fire.Rd:202): Warning: <h5> anchor "Returns" already defined
Fire.html:307:1 (Fire.Rd:211): Warning: <h5> anchor "Usage" already defined
Fire.html:313:1 (Fire.Rd:215): Warning: <h5> anchor "Arguments" already defined
Fire.html:344:1 (Fire.Rd:236): Warning: <h5> anchor "Usage" already defined
Fire.html:350:1 (Fire.Rd:240): Warning: <h5> anchor "Arguments" already defined
Fire.html:373:1 (Fire.Rd:253): Warning: <h5> anchor "Usage" already defined
Fire.html:379:1 (Fire.Rd:257): Warning: <h5> anchor "Arguments" already defined
Fire.html:402:1 (Fire.Rd:270): Warning: <h5> anchor "Usage" already defined
Fire.html:408:1 (Fire.Rd:274): Warning: <h5> anchor "Arguments" already defined
Fire.html:431:1 (Fire.Rd:287): Warning: <h5> anchor "Usage" already defined
Fire.html:447:1 (Fire.Rd:297): Warning: <h5> anchor "Usage" already defined
Fire.html:463:1 (Fire.Rd:307): Warning: <h5> anchor "Usage" already defined
Fire.html:469:1 (Fire.Rd:311): Warning: <h5> anchor "Arguments" already defined
Fire.html:488:1 (Fire.Rd:324): Warning: <h5> anchor "Returns" already defined
Fire.html:505:1 (Fire.Rd:333): Warning: <h5> anchor "Usage" already defined
Fire.html:511:1 (Fire.Rd:337): Warning: <h5> anchor "Arguments" already defined
Fire.html:534:1 (Fire.Rd:350): Warning: <h5> anchor "Usage" already defined
Fire.html:540:1 (Fire.Rd:354): Warning: <h5> anchor "Arguments" already defined
Fire.html:555:1 (Fire.Rd:363): Warning: <h5> anchor "Returns" already defined
Fire.html:572:1 (Fire.Rd:372): Warning: <h5> anchor "Usage" already defined
Fire.html:578:1 (Fire.Rd:376): Warning: <h5> anchor "Arguments" already defined
Fire.html:603:1 (Fire.Rd:391): Warning: <h5> anchor "Usage" already defined
Fire.html:609:1 (Fire.Rd:395): Warning: <h5> anchor "Arguments" already defined
Fire.html:632:1 (Fire.Rd:408): Warning: <h5> anchor "Usage" already defined
Fire.html:646:1 (Fire.Rd:420): Warning: <h5> anchor "Arguments" already defined
Fire.html:681:1 (Fire.Rd:445): Warning: <h5> anchor "Usage" already defined
Fire.html:687:1 (Fire.Rd:449): Warning: <h5> anchor "Arguments" already defined
Fire.html:710:1 (Fire.Rd:462): Warning: <h5> anchor "Usage" already defined
Fire.html:716:1 (Fire.Rd:466): Warning: <h5> anchor "Arguments" already defined
Fire.html:745:1 (Fire.Rd:485): Warning: <h5> anchor "Usage" already defined
Fire.html:751:1 (Fire.Rd:489): Warning: <h5> anchor "Arguments" already defined
Fire.html:764:1 (Fire.Rd:496): Warning: <h5> anchor "Returns" already defined
Fire.html:781:1 (Fire.Rd:505): Warning: <h5> anchor "Usage" already defined
Fire.html:787:1 (Fire.Rd:509): Warning: <h5> anchor "Arguments" already defined
Fire.html:812:1 (Fire.Rd:524): Warning: <h5> anchor "Usage" already defined
Fire.html:818:1 (Fire.Rd:528): Warning: <h5> anchor "Arguments" already defined
Fire.html:843:1 (Fire.Rd:543): Warning: <h5> anchor "Usage" already defined
Fire.html:849:1 (Fire.Rd:547): Warning: <h5> anchor "Arguments" already defined
Fire.html:862:1 (Fire.Rd:554): Warning: <h5> anchor "Returns" already defined
Fire.html:879:1 (Fire.Rd:563): Warning: <h5> anchor "Usage" already defined
Fire.html:885:1 (Fire.Rd:567): Warning: <h5> anchor "Arguments" already defined
Fire.html:908:1 (Fire.Rd:580): Warning: <h5> anchor "Usage" already defined
Fire.html:914:1 (Fire.Rd:584): Warning: <h5> anchor "Arguments" already defined
Fire.html:933:1 (Fire.Rd:597): Warning: <h5> anchor "Returns" already defined
Fire.html:950:1 (Fire.Rd:606): Warning: <h5> anchor "Usage" already defined
Fire.html:956:1 (Fire.Rd:610): Warning: <h5> anchor "Arguments" already defined
Fire.html:979:1 (Fire.Rd:623): Warning: <h5> anchor "Usage" already defined
Fire.html:985:1 (Fire.Rd:627): Warning: <h5> anchor "Arguments" already defined
Fire.html:1000:1 (Fire.Rd:636): Warning: <h5> anchor "Returns" already defined
Fire.html:1017:1 (Fire.Rd:645): Warning: <h5> anchor "Usage" already defined
Fire.html:1023:1 (Fire.Rd:649): Warning: <h5> anchor "Arguments" already defined
Fire.html:1046:1 (Fire.Rd:662): Warning: <h5> anchor "Usage" already defined
Fire.html:1052:1 (Fire.Rd:666): Warning: <h5> anchor "Arguments" already defined
Fire.html:1067:1 (Fire.Rd:675): Warning: <h5> anchor "Returns" already defined
Fire.html:1084:1 (Fire.Rd:684): Warning: <h5> anchor "Usage" already defined
Fire.html:1090:1 (Fire.Rd:688): Warning: <h5> anchor "Arguments" already defined
Fire.html:1113:1 (Fire.Rd:701): Warning: <h5> anchor "Usage" already defined
Fire.html:1119:1 (Fire.Rd:705): Warning: <h5> anchor "Arguments" already defined
Fire.html:1142:1 (Fire.Rd:718): Warning: <h5> anchor "Usage" already defined
Fire.html:1148:1 (Fire.Rd:722): Warning: <h5> anchor "Arguments" already defined
Fire.html:1171:1 (Fire.Rd:735): Warning: <h5> anchor "Usage" already defined
Fire.html:1185:1 (Fire.Rd:747): Warning: <h5> anchor "Arguments" already defined
Fire.html:1220:1 (Fire.Rd:772): Warning: <h5> anchor "Usage" already defined
Fire.html:1237:1 (Fire.Rd:783): Warning: <h5> anchor "Usage" already defined
Fire.html:1243:1 (Fire.Rd:787): Warning: <h5> anchor "Arguments" already defined
Fire.html:1258:1 (Fire.Rd:796): Warning: <h5> anchor "Returns" already defined
Fire.html:1276:1 (Fire.Rd:806): Warning: <h5> anchor "Usage" already defined
Fire.html:1282:1 (Fire.Rd:810): Warning: <h5> anchor "Arguments" already defined
Fire.html:1305:1 (Fire.Rd:823): Warning: <h5> anchor "Usage" already defined
Fire.html:1311:1 (Fire.Rd:827): Warning: <h5> anchor "Arguments" already defined
Fire.html:1334:1 (Fire.Rd:840): Warning: <h5> anchor "Usage" already defined
Fire.html:1340:1 (Fire.Rd:844): Warning: <h5> anchor "Arguments" already defined
Fire.html:1369:1 (Fire.Rd:863): Warning: <h5> anchor "Usage" already defined
Fire.html:1375:1 (Fire.Rd:867): Warning: <h5> anchor "Arguments" already defined
Fire.html:1402:1 (Fire.Rd:884): Warning: <h5> anchor "Usage" already defined
Fire.html:1408:1 (Fire.Rd:888): Warning: <h5> anchor "Arguments" already defined
Flavor: r-devel-linux-x86_64-debian-gcc
Version: 1.3.0
Check: dependencies in R code
Result: NOTE
Namespaces in Imports field not imported from:
‘parallelly’ ‘promises’
All declared Imports should be used.
Flavors: r-devel-linux-x86_64-fedora-clang, r-devel-linux-x86_64-fedora-gcc