Last updated on 2025-10-21 09:48:32 CEST.
Flavor | Version | Tinstall | Tcheck | Ttotal | Status | Flags |
---|---|---|---|---|---|---|
r-devel-linux-x86_64-debian-clang | 0.2.9 | 1.95 | 30.69 | 32.64 | OK | |
r-devel-linux-x86_64-debian-gcc | 0.2.9 | 1.48 | 25.22 | 26.70 | NOTE | |
r-devel-linux-x86_64-fedora-clang | 0.2.9 | 48.63 | OK | |||
r-devel-linux-x86_64-fedora-gcc | 0.2.9 | 44.91 | OK | |||
r-devel-windows-x86_64 | 0.2.9 | 3.00 | 54.00 | 57.00 | OK | |
r-patched-linux-x86_64 | 0.2.9 | 2.03 | 28.52 | 30.55 | OK | |
r-release-linux-x86_64 | 0.2.9 | 1.78 | 28.52 | 30.30 | OK | |
r-release-macos-arm64 | 0.2.9 | 22.00 | OK | |||
r-release-macos-x86_64 | 0.2.9 | 36.00 | OK | |||
r-release-windows-x86_64 | 0.2.9 | 4.00 | 57.00 | 61.00 | OK | |
r-oldrel-macos-arm64 | 0.2.9 | 26.00 | OK | |||
r-oldrel-macos-x86_64 | 0.2.9 | 27.00 | NOTE | |||
r-oldrel-windows-x86_64 | 0.2.9 | 4.00 | 61.00 | 65.00 | OK |
Version: 0.2.9
Check: HTML version of manual
Result: NOTE
Found the following HTML validation problems:
dfs_equal.html:54:1 (dfs_equal.Rd:12): Warning: missing </ul> before </div>
get_file_info.html:46:1 (get_file_info.Rd:10): Warning: missing </ul> before </div>
Flavor: r-devel-linux-x86_64-debian-gcc
Version: 0.2.9
Check: package dependencies
Result: NOTE
Package suggested but not available for checking: ‘arrow’
Flavor: r-oldrel-macos-x86_64