Last updated on 2025-10-21 09:48:32 CEST.
Flavor | Version | Tinstall | Tcheck | Ttotal | Status | Flags |
---|---|---|---|---|---|---|
r-devel-linux-x86_64-debian-clang | 2.0 | 31.24 | 100.29 | 131.53 | OK | |
r-devel-linux-x86_64-debian-gcc | 2.0 | 21.61 | 72.91 | 94.52 | NOTE | |
r-devel-linux-x86_64-fedora-clang | 2.0 | 221.31 | OK | |||
r-devel-linux-x86_64-fedora-gcc | 2.0 | 200.24 | OK | |||
r-devel-windows-x86_64 | 2.0 | 37.00 | 117.00 | 154.00 | OK | |
r-patched-linux-x86_64 | 2.0 | 31.93 | 92.37 | 124.30 | OK | |
r-release-linux-x86_64 | 2.0 | 30.94 | 94.53 | 125.47 | OK | |
r-release-macos-arm64 | 2.0 | 55.00 | OK | |||
r-release-macos-x86_64 | 2.0 | 149.00 | OK | |||
r-release-windows-x86_64 | 2.0 | 36.00 | 119.00 | 155.00 | OK | |
r-oldrel-macos-arm64 | 2.0 | 59.00 | OK | |||
r-oldrel-macos-x86_64 | 2.0 | 107.00 | OK | |||
r-oldrel-windows-x86_64 | 2.0 | 47.00 | 151.00 | 198.00 | OK |
Version: 2.0
Check: HTML version of manual
Result: NOTE
Found the following HTML validation problems:
LDA_plot.html:62:1 (LDA_plot.Rd:18): Warning: missing </ul> before </div>
PCA_plot.html:54:1 (PCA_plot.Rd:14): Warning: missing </ul> before </div>
correlation_plot.html:68:1 (correlation_plot.Rd:24): Warning: missing </ul> before </div>
inputMixture.html:46:1 (inputMixture.Rd:10): Warning: missing </ul> before </div>
inputSource.html:50:1 (inputSource.Rd:12): Warning: missing </ul> before </div>
plot_results.html:78:1 (plot_results.Rd:30): Warning: missing </ul> before </div>
write_results.html:46:1 (write_results.Rd:10): Warning: missing </ul> before </div>
Flavor: r-devel-linux-x86_64-debian-gcc