CRAN Package Check Results for Package finiteruinprob

Last updated on 2025-07-03 09:50:41 CEST.

Flavor Version Tinstall Tcheck Ttotal Status Flags
r-devel-linux-x86_64-debian-clang 0.6 2.80 28.28 31.08 NOTE
r-devel-linux-x86_64-debian-gcc 0.6 1.97 23.80 25.77 NOTE
r-devel-linux-x86_64-fedora-clang 0.6 49.43 OK
r-devel-linux-x86_64-fedora-gcc 0.6 60.79 OK
r-devel-windows-x86_64 0.6 3.00 58.00 61.00 OK
r-patched-linux-x86_64 0.6 2.49 27.18 29.67 OK
r-release-linux-x86_64 0.6 2.75 27.46 30.21 OK
r-release-macos-arm64 0.6 29.00 OK
r-release-macos-x86_64 0.6 51.00 OK
r-release-windows-x86_64 0.6 3.00 60.00 63.00 OK
r-oldrel-macos-arm64 0.6 25.00 OK
r-oldrel-macos-x86_64 0.6 38.00 OK
r-oldrel-windows-x86_64 0.6 4.00 60.00 64.00 OK

Check Details

Version: 0.6
Check: CRAN incoming feasibility
Result: NOTE Maintainer: ‘Benjamin Baumgartner <benjamin@baumgrt.com>’ Package CITATION file contains call(s) to old-style personList() or as.personList(). Please use c() on person objects instead. Package CITATION file contains call(s) to old-style citEntry(). Please use bibentry() instead. Flavors: r-devel-linux-x86_64-debian-clang, r-devel-linux-x86_64-debian-gcc