Last updated on 2025-10-21 09:48:32 CEST.
Flavor | Version | Tinstall | Tcheck | Ttotal | Status | Flags |
---|---|---|---|---|---|---|
r-devel-linux-x86_64-debian-clang | 0.1.0 | 6.18 | 44.45 | 50.63 | OK | |
r-devel-linux-x86_64-debian-gcc | 0.1.0 | 4.37 | 33.90 | 38.27 | NOTE | |
r-devel-linux-x86_64-fedora-clang | 0.1.0 | 78.08 | OK | |||
r-devel-linux-x86_64-fedora-gcc | 0.1.0 | 70.59 | OK | |||
r-devel-windows-x86_64 | 0.1.0 | 7.00 | 60.00 | 67.00 | OK | |
r-patched-linux-x86_64 | 0.1.0 | 5.26 | 40.84 | 46.10 | OK | |
r-release-linux-x86_64 | 0.1.0 | 5.96 | 41.36 | 47.32 | OK | |
r-release-macos-arm64 | 0.1.0 | 5.00 | ERROR | |||
r-release-macos-x86_64 | 0.1.0 | 6.00 | ERROR | |||
r-release-windows-x86_64 | 0.1.0 | 8.00 | 60.00 | 68.00 | OK | |
r-oldrel-macos-arm64 | 0.1.0 | 9.00 | ERROR | |||
r-oldrel-macos-x86_64 | 0.1.0 | 11.00 | ERROR | |||
r-oldrel-windows-x86_64 | 0.1.0 | 9.00 | 72.00 | 81.00 | OK |
Version: 0.1.0
Check: HTML version of manual
Result: NOTE
Found the following HTML validation problems:
CORS.html:234:1 (CORS.Rd:163): Warning: <h5> anchor "Usage" already defined
CORS.html:248:1 (CORS.Rd:175): Warning: <h5> anchor "Arguments" already defined
CORS.html:319:1 (CORS.Rd:227): Warning: <h5> anchor "Usage" already defined
CORS.html:325:1 (CORS.Rd:231): Warning: <h5> anchor "Arguments" already defined
CORS.html:350:1 (CORS.Rd:246): Warning: <h5> anchor "Usage" already defined
CORS.html:356:1 (CORS.Rd:250): Warning: <h5> anchor "Arguments" already defined
ResourceIsolation.html:199:1 (ResourceIsolation.Rd:138): Warning: <h5> anchor "Usage" already defined
ResourceIsolation.html:210:1 (ResourceIsolation.Rd:147): Warning: <h5> anchor "Arguments" already defined
ResourceIsolation.html:245:1 (ResourceIsolation.Rd:172): Warning: <h5> anchor "Usage" already defined
ResourceIsolation.html:251:1 (ResourceIsolation.Rd:176): Warning: <h5> anchor "Arguments" already defined
ResourceIsolation.html:276:1 (ResourceIsolation.Rd:191): Warning: <h5> anchor "Usage" already defined
ResourceIsolation.html:282:1 (ResourceIsolation.Rd:195): Warning: <h5> anchor "Arguments" already defined
SecurityHeaders.html:441:1 (SecurityHeaders.Rd:367): Warning: <h5> anchor "Usage" already defined
SecurityHeaders.html:447:1 (SecurityHeaders.Rd:371): Warning: <h5> anchor "Arguments" already defined
SecurityHeaders.html:472:1 (SecurityHeaders.Rd:386): Warning: <h5> anchor "Usage" already defined
SecurityHeaders.html:478:1 (SecurityHeaders.Rd:390): Warning: <h5> anchor "Arguments" already defined
Flavor: r-devel-linux-x86_64-debian-gcc
Version: 0.1.0
Check: package dependencies
Result: ERROR
Package required and available but unsuitable version: ‘routr’
See section ‘The DESCRIPTION file’ in the ‘Writing R Extensions’
manual.
Flavors: r-release-macos-arm64, r-release-macos-x86_64, r-oldrel-macos-arm64, r-oldrel-macos-x86_64