Last updated on 2025-10-22 09:50:33 CEST.
Flavor | Version | Tinstall | Tcheck | Ttotal | Status | Flags |
---|---|---|---|---|---|---|
r-devel-linux-x86_64-debian-clang | 4.0.0 | 10.33 | 63.98 | 74.31 | NOTE | |
r-devel-linux-x86_64-debian-gcc | 4.0.0 | 7.34 | 43.15 | 50.49 | NOTE | |
r-devel-linux-x86_64-fedora-clang | 4.0.0 | 24.00 | 96.48 | 120.48 | OK | |
r-devel-linux-x86_64-fedora-gcc | 4.0.0 | 20.00 | 103.39 | 123.39 | OK | |
r-devel-windows-x86_64 | 4.0.0 | 11.00 | 75.00 | 86.00 | OK | |
r-patched-linux-x86_64 | 4.0.0 | 9.74 | 59.87 | 69.61 | OK | |
r-release-linux-x86_64 | 4.0.0 | 11.26 | 60.70 | 71.96 | OK | |
r-release-macos-arm64 | 4.0.0 | 4.00 | 44.00 | 48.00 | OK | |
r-release-macos-x86_64 | 4.0.0 | 10.00 | 70.00 | 80.00 | OK | |
r-release-windows-x86_64 | 4.0.0 | 11.00 | 80.00 | 91.00 | OK | |
r-oldrel-macos-arm64 | 4.0.0 | 4.00 | 38.00 | 42.00 | OK | |
r-oldrel-macos-x86_64 | 4.0.0 | 21.00 | 95.00 | 116.00 | OK | |
r-oldrel-windows-x86_64 | 4.0.0 | 14.00 | 92.00 | 106.00 | OK |
Version: 4.0.0
Check: HTML version of manual
Result: NOTE
Found the following HTML validation problems:
writeDatfile.html:92:1 (writeDatfile.Rd:39): Warning: missing </ul> before </div>
Flavors: r-devel-linux-x86_64-debian-clang, r-devel-linux-x86_64-debian-gcc