Last updated on 2025-10-22 09:50:33 CEST.
Flavor | Version | Tinstall | Tcheck | Ttotal | Status | Flags |
---|---|---|---|---|---|---|
r-devel-linux-x86_64-debian-clang | 1.0.7 | 51.57 | 408.19 | 459.76 | OK | |
r-devel-linux-x86_64-debian-gcc | 1.0.7 | 39.38 | 273.45 | 312.83 | OK | |
r-devel-linux-x86_64-fedora-clang | 1.0.7 | 122.00 | 556.99 | 678.99 | OK | |
r-devel-linux-x86_64-fedora-gcc | 1.0.7 | 122.00 | 586.19 | 708.19 | OK | |
r-devel-windows-x86_64 | 1.0.7 | 43.00 | 313.00 | 356.00 | OK | |
r-patched-linux-x86_64 | 1.0.7 | 52.69 | 388.31 | 441.00 | OK | |
r-release-linux-x86_64 | 1.0.7 | 51.06 | 387.35 | 438.41 | OK | |
r-release-macos-arm64 | 1.0.7 | 19.00 | 102.00 | 121.00 | OK | |
r-release-macos-x86_64 | 1.0.7 | 34.00 | 156.00 | 190.00 | OK | |
r-release-windows-x86_64 | 1.0.7 | 43.00 | 308.00 | 351.00 | OK | |
r-oldrel-macos-arm64 | 1.0.7 | 17.00 | 129.00 | 146.00 | NOTE | |
r-oldrel-macos-x86_64 | 1.0.7 | 30.00 | 181.00 | 211.00 | NOTE | |
r-oldrel-windows-x86_64 | 1.0.7 | 59.00 | 419.00 | 478.00 | NOTE |
Version: 1.0.7
Check: installed package size
Result: NOTE
installed size is 5.6Mb
sub-directories of 1Mb or more:
doc 4.0Mb
Flavors: r-oldrel-macos-arm64, r-oldrel-macos-x86_64, r-oldrel-windows-x86_64