Last updated on 2025-10-21 09:48:32 CEST.
Flavor | Version | Tinstall | Tcheck | Ttotal | Status | Flags |
---|---|---|---|---|---|---|
r-devel-linux-x86_64-debian-clang | 0.1.3 | 6.58 | 51.12 | 57.70 | NOTE | |
r-devel-linux-x86_64-debian-gcc | 0.1.3 | 4.81 | 37.17 | 41.98 | NOTE | |
r-devel-linux-x86_64-fedora-clang | 0.1.3 | 92.48 | NOTE | |||
r-devel-linux-x86_64-fedora-gcc | 0.1.3 | 96.94 | NOTE | |||
r-devel-windows-x86_64 | 0.1.3 | 9.00 | 65.00 | 74.00 | NOTE | |
r-patched-linux-x86_64 | 0.1.3 | 6.49 | 46.93 | 53.42 | NOTE | |
r-release-linux-x86_64 | 0.1.3 | 5.31 | 47.08 | 52.39 | NOTE | |
r-release-macos-arm64 | 0.1.3 | 62.00 | NOTE | |||
r-release-macos-x86_64 | 0.1.3 | 88.00 | NOTE | |||
r-release-windows-x86_64 | 0.1.3 | 9.00 | 68.00 | 77.00 | NOTE | |
r-oldrel-macos-arm64 | 0.1.3 | 32.00 | NOTE | |||
r-oldrel-macos-x86_64 | 0.1.3 | 58.00 | NOTE | |||
r-oldrel-windows-x86_64 | 0.1.3 | 11.00 | 78.00 | 89.00 | NOTE |
Version: 0.1.3
Check: Rd files
Result: NOTE
checkRd: (-1) distribution_vector.Rd:14: Lost braces; missing escapes or markup?
14 | All standard distributions from {stats} package are covered. For a list
| ^
Flavors: r-devel-linux-x86_64-debian-clang, r-devel-linux-x86_64-debian-gcc, r-devel-linux-x86_64-fedora-clang, r-devel-linux-x86_64-fedora-gcc, r-devel-windows-x86_64, r-patched-linux-x86_64, r-release-linux-x86_64, r-release-macos-arm64, r-release-macos-x86_64, r-release-windows-x86_64, r-oldrel-macos-arm64, r-oldrel-macos-x86_64, r-oldrel-windows-x86_64
Version: 0.1.3
Check: HTML version of manual
Result: NOTE
Found the following HTML validation problems:
MockDataGenerator.html:202:1 (MockDataGenerator.Rd:105): Warning: missing </ul> before </div>
MockDataGenerator.html:101:1 (MockDataGenerator.Rd:48): Warning: <h5> anchor "Usage" already defined
MockDataGenerator.html:107:1 (MockDataGenerator.Rd:52): Warning: <h5> anchor "Arguments" already defined
MockDataGenerator.html:124:1 (MockDataGenerator.Rd:63): Warning: <h5> anchor "Returns" already defined
MockDataGenerator.html:141:1 (MockDataGenerator.Rd:72): Warning: <h5> anchor "Usage" already defined
MockDataGenerator.html:147:1 (MockDataGenerator.Rd:76): Warning: <h5> anchor "Arguments" already defined
MockDataGenerator.html:162:1 (MockDataGenerator.Rd:85): Warning: <h5> anchor "Returns" already defined
MockDataGenerator.html:179:1 (MockDataGenerator.Rd:94): Warning: <h5> anchor "Usage" already defined
MockDataGenerator.html:185:1 (MockDataGenerator.Rd:98): Warning: <h5> anchor "Arguments" already defined
Flavor: r-devel-linux-x86_64-debian-gcc