Last updated on 2025-10-22 09:50:33 CEST.
Flavor | Version | Tinstall | Tcheck | Ttotal | Status | Flags |
---|---|---|---|---|---|---|
r-devel-linux-x86_64-debian-clang | 0.3.0 | 2.79 | 43.65 | 46.44 | NOTE | |
r-devel-linux-x86_64-debian-gcc | 0.3.0 | 2.37 | 33.22 | 35.59 | NOTE | |
r-devel-linux-x86_64-fedora-clang | 0.3.0 | 69.47 | OK | |||
r-devel-linux-x86_64-fedora-gcc | 0.3.0 | 78.09 | OK | |||
r-devel-windows-x86_64 | 0.3.0 | 6.00 | 67.00 | 73.00 | OK | |
r-patched-linux-x86_64 | 0.3.0 | 3.13 | 40.55 | 43.68 | OK | |
r-release-linux-x86_64 | 0.3.0 | 2.92 | 40.29 | 43.21 | OK | |
r-release-macos-arm64 | 0.3.0 | 2.00 | 39.00 | 41.00 | OK | |
r-release-macos-x86_64 | 0.3.0 | 4.00 | 61.00 | 65.00 | OK | |
r-release-windows-x86_64 | 0.3.0 | 6.00 | 69.00 | 75.00 | OK | |
r-oldrel-macos-arm64 | 0.3.0 | 2.00 | 39.00 | 41.00 | OK | |
r-oldrel-macos-x86_64 | 0.3.0 | 4.00 | 72.00 | 76.00 | OK | |
r-oldrel-windows-x86_64 | 0.3.0 | 7.00 | 74.00 | 81.00 | OK |
Version: 0.3.0
Check: HTML version of manual
Result: NOTE
Found the following HTML validation problems:
check_character.html:58:1 (check_character.Rd:16): Warning: missing </ul> before </div>
check_logical.html:50:1 (check_logical.Rd:12): Warning: missing </ul> before </div>
fail_gracefully.html:55:1 (fail_gracefully.Rd:12): Warning: missing </ul> before </div>
Flavors: r-devel-linux-x86_64-debian-clang, r-devel-linux-x86_64-debian-gcc