Last updated on 2025-10-21 09:48:32 CEST.
Flavor | Version | Tinstall | Tcheck | Ttotal | Status | Flags |
---|---|---|---|---|---|---|
r-devel-linux-x86_64-debian-clang | 2.3.2 | 52.84 | 441.53 | 494.37 | OK | |
r-devel-linux-x86_64-debian-gcc | 2.3.2 | 34.44 | 288.97 | 323.41 | NOTE | |
r-devel-linux-x86_64-fedora-clang | 2.3.2 | 813.03 | OK | |||
r-devel-linux-x86_64-fedora-gcc | 2.3.2 | 790.90 | OK | |||
r-devel-windows-x86_64 | 2.3.2 | 58.00 | 465.00 | 523.00 | OK | |
r-patched-linux-x86_64 | 2.3.2 | 52.45 | 421.15 | 473.60 | OK | |
r-release-linux-x86_64 | 2.3.2 | 50.79 | 424.12 | 474.91 | OK | |
r-release-macos-arm64 | 2.3.2 | 193.00 | OK | |||
r-release-macos-x86_64 | 2.3.2 | 417.00 | OK | |||
r-release-windows-x86_64 | 2.3.2 | 62.00 | 474.00 | 536.00 | OK | |
r-oldrel-macos-arm64 | 2.3.2 | 211.00 | OK | |||
r-oldrel-macos-x86_64 | 2.3.2 | 574.00 | OK | |||
r-oldrel-windows-x86_64 | 2.3.2 | 75.00 | 596.00 | 671.00 | OK |
Version: 2.3.2
Check: HTML version of manual
Result: NOTE
Found the following HTML validation problems:
ajfit_flexsurvmix.html:70:1 (ajfit_flexsurvmix.Rd:23): Warning: missing </ul> before </div>
dot-hess_to_cov.html:58:1 (dot-hess_to_cov.Rd:16): Warning: missing </ul> before </div>
dot-hessian.html:70:1 (dot-hessian.Rd:23): Warning: missing </ul> before </div>
get_basepars.html:54:1 (get_basepars.Rd:14): Warning: missing </ul> before </div>
plot_survtrunc.html:54:1 (plot_survtrunc.Rd:15): Warning: missing </ul> before </div>
quantile_flexsurvmix.html:66:1 (quantile_flexsurvmix.Rd:22): Warning: missing </ul> before </div>
summary.flexsurvrtrunc.html:122:1 (summary.flexsurvrtrunc.Rd:64): Warning: missing </ul> before </div>
Flavor: r-devel-linux-x86_64-debian-gcc