CRAN Package Check Results for Package foretell

Last updated on 2025-10-22 09:50:33 CEST.

Flavor Version Tinstall Tcheck Ttotal Status Flags
r-devel-linux-x86_64-debian-clang 0.2.0 1.91 21.84 23.75 NOTE
r-devel-linux-x86_64-debian-gcc 0.2.0 1.42 18.11 19.53 NOTE
r-devel-linux-x86_64-fedora-clang 0.2.0 32.63 OK
r-devel-linux-x86_64-fedora-gcc 0.2.0 30.89 OK
r-devel-windows-x86_64 0.2.0 3.00 38.00 41.00 OK
r-patched-linux-x86_64 0.2.0 1.87 19.14 21.01 OK
r-release-linux-x86_64 0.2.0 1.54 19.22 20.76 OK
r-release-macos-arm64 0.2.0 1.00 19.00 20.00 OK
r-release-macos-x86_64 0.2.0 2.00 21.00 23.00 OK
r-release-windows-x86_64 0.2.0 2.00 40.00 42.00 OK
r-oldrel-macos-arm64 0.2.0 1.00 14.00 15.00 OK
r-oldrel-macos-x86_64 0.2.0 2.00 18.00 20.00 OK
r-oldrel-windows-x86_64 0.2.0 3.00 44.00 47.00 OK

Check Details

Version: 0.2.0
Check: CRAN incoming feasibility
Result: NOTE Maintainer: ‘Srihari Jaganathan <sriharitn@gmail.com>’ No Authors@R field in DESCRIPTION. Please add one, modifying Authors@R: person(given = "Srihari", family = "Jaganathan", role = c("aut", "cre"), email = "sriharitn@gmail.com") as necessary. Flavors: r-devel-linux-x86_64-debian-clang, r-devel-linux-x86_64-debian-gcc