Last updated on 2025-10-22 09:50:33 CEST.
Flavor | Version | Tinstall | Tcheck | Ttotal | Status | Flags |
---|---|---|---|---|---|---|
r-devel-linux-x86_64-debian-clang | 0.0.8 | 2.35 | 39.53 | 41.88 | NOTE | |
r-devel-linux-x86_64-debian-gcc | 0.0.8 | 1.85 | 29.99 | 31.84 | NOTE | |
r-devel-linux-x86_64-fedora-clang | 0.0.8 | 60.49 | OK | |||
r-devel-linux-x86_64-fedora-gcc | 0.0.8 | 72.39 | OK | |||
r-devel-windows-x86_64 | 0.0.8 | 3.00 | 54.00 | 57.00 | OK | |
r-patched-linux-x86_64 | 0.0.8 | 2.14 | 35.03 | 37.17 | OK | |
r-release-linux-x86_64 | 0.0.8 | 2.25 | 35.37 | 37.62 | OK | |
r-release-macos-arm64 | 0.0.8 | 1.00 | 29.00 | 30.00 | OK | |
r-release-macos-x86_64 | 0.0.8 | 2.00 | 52.00 | 54.00 | OK | |
r-release-windows-x86_64 | 0.0.8 | 3.00 | 56.00 | 59.00 | OK | |
r-oldrel-macos-arm64 | 0.0.8 | 1.00 | 26.00 | 27.00 | OK | |
r-oldrel-macos-x86_64 | 0.0.8 | 2.00 | 41.00 | 43.00 | OK | |
r-oldrel-windows-x86_64 | 0.0.8 | 5.00 | 65.00 | 70.00 | OK |
Version: 0.0.8
Check: HTML version of manual
Result: NOTE
Found the following HTML validation problems:
add.backtick.html:54:1 (add.backtick.Rd:14): Warning: missing </ul> before </div>
Flavors: r-devel-linux-x86_64-debian-clang, r-devel-linux-x86_64-debian-gcc