Last updated on 2025-10-22 09:50:35 CEST.
Flavor | Version | Tinstall | Tcheck | Ttotal | Status | Flags |
---|---|---|---|---|---|---|
r-devel-linux-x86_64-debian-clang | 0.5.1 | 27.80 | 79.75 | 107.55 | NOTE | |
r-devel-linux-x86_64-debian-gcc | 0.5.1 | 16.86 | 57.87 | 74.73 | NOTE | |
r-devel-linux-x86_64-fedora-clang | 0.5.1 | 109.00 | 72.39 | 181.39 | OK | |
r-devel-linux-x86_64-fedora-gcc | 0.5.1 | 61.00 | 97.88 | 158.88 | OK | |
r-devel-windows-x86_64 | 0.5.1 | 34.00 | 102.00 | 136.00 | OK | |
r-patched-linux-x86_64 | 0.5.1 | 26.42 | 74.45 | 100.87 | OK | |
r-release-linux-x86_64 | 0.5.1 | 26.46 | 75.01 | 101.47 | OK | |
r-release-macos-arm64 | 0.5.1 | 12.00 | 39.00 | 51.00 | OK | |
r-release-macos-x86_64 | 0.5.1 | 24.00 | 70.00 | 94.00 | OK | |
r-release-windows-x86_64 | 0.5.1 | 37.00 | 103.00 | 140.00 | OK | |
r-oldrel-macos-arm64 | 0.5.1 | 10.00 | 34.00 | 44.00 | OK | |
r-oldrel-macos-x86_64 | 0.5.1 | 32.00 | 65.00 | 97.00 | OK | |
r-oldrel-windows-x86_64 | 0.5.1 | 39.00 | 132.00 | 171.00 | OK |
Version: 0.5.1
Check: HTML version of manual
Result: NOTE
Found the following HTML validation problems:
toLisp.html:46:1 (toLisp.Rd:10): Warning: missing </ul> before </div>
Flavors: r-devel-linux-x86_64-debian-clang, r-devel-linux-x86_64-debian-gcc