Last updated on 2025-10-21 09:48:33 CEST.
Flavor | Version | Tinstall | Tcheck | Ttotal | Status | Flags |
---|---|---|---|---|---|---|
r-devel-linux-x86_64-debian-clang | 2.2.0 | 4.68 | 43.71 | 48.39 | OK | |
r-devel-linux-x86_64-debian-gcc | 2.2.0 | 3.16 | 32.27 | 35.43 | NOTE | |
r-devel-linux-x86_64-fedora-clang | 2.2.0 | 72.85 | OK | |||
r-devel-linux-x86_64-fedora-gcc | 2.2.0 | 81.26 | OK | |||
r-devel-windows-x86_64 | 2.2.0 | 7.00 | 61.00 | 68.00 | OK | |
r-patched-linux-x86_64 | 2.2.0 | 4.31 | 39.76 | 44.07 | OK | |
r-release-linux-x86_64 | 2.2.0 | 4.41 | 39.51 | 43.92 | OK | |
r-release-macos-arm64 | 2.2.0 | 60.00 | OK | |||
r-release-macos-x86_64 | 2.2.0 | 52.00 | OK | |||
r-release-windows-x86_64 | 2.2.0 | 8.00 | 64.00 | 72.00 | OK | |
r-oldrel-macos-arm64 | 2.2.0 | 40.00 | OK | |||
r-oldrel-macos-x86_64 | 2.2.0 | 57.00 | OK | |||
r-oldrel-windows-x86_64 | 2.2.0 | 7.00 | 75.00 | 82.00 | OK |
Version: 2.2.0
Check: HTML version of manual
Result: NOTE
Found the following HTML validation problems:
dot-fetch_csv_page.html:68:1 (dot-fetch_csv_page.Rd:24): Warning: missing </ul> before </div>
dot-onLoad.html:50:1 (dot-onLoad.Rd:12): Warning: missing </ul> before </div>
filter_DOI.html:50:1 (filter_DOI.Rd:12): Warning: missing </ul> before </div>
filter_GENUS.html:50:1 (filter_GENUS.Rd:12): Warning: missing </ul> before </div>
filter_INSTCODE.html:50:1 (filter_INSTCODE.Rd:12): Warning: missing </ul> before </div>
filter_ORIGCTY.html:50:1 (filter_ORIGCTY.Rd:12): Warning: missing </ul> before </div>
filter_SAMPSTAT.html:50:1 (filter_SAMPSTAT.Rd:12): Warning: missing </ul> before </div>
filter_SPECIES.html:50:1 (filter_SPECIES.Rd:12): Warning: missing </ul> before </div>
Flavor: r-devel-linux-x86_64-debian-gcc