Last updated on 2025-10-22 09:50:34 CEST.
Flavor | Version | Tinstall | Tcheck | Ttotal | Status | Flags |
---|---|---|---|---|---|---|
r-devel-linux-x86_64-debian-clang | 0.2.0 | 6.19 | 75.66 | 81.85 | NOTE | |
r-devel-linux-x86_64-debian-gcc | 0.2.0 | 4.53 | 55.79 | 60.32 | NOTE | |
r-devel-linux-x86_64-fedora-clang | 0.2.0 | 16.00 | 108.31 | 124.31 | OK | |
r-devel-linux-x86_64-fedora-gcc | 0.2.0 | 13.00 | 117.00 | 130.00 | OK | |
r-devel-windows-x86_64 | 0.2.0 | 8.00 | 84.00 | 92.00 | OK | |
r-patched-linux-x86_64 | 0.2.0 | 5.30 | 70.81 | 76.11 | OK | |
r-release-linux-x86_64 | 0.2.0 | 5.70 | 70.70 | 76.40 | OK | |
r-release-macos-arm64 | 0.2.0 | 4.00 | 57.00 | 61.00 | OK | |
r-release-macos-x86_64 | 0.2.0 | 6.00 | 73.00 | 79.00 | OK | |
r-release-windows-x86_64 | 0.2.0 | 9.00 | 85.00 | 94.00 | OK | |
r-oldrel-macos-arm64 | 0.2.0 | 4.00 | 37.00 | 41.00 | OK | |
r-oldrel-macos-x86_64 | 0.2.0 | 4.00 | 70.00 | 74.00 | OK | |
r-oldrel-windows-x86_64 | 0.2.0 | 11.00 | 111.00 | 122.00 | OK |
Version: 0.2.0
Check: HTML version of manual
Result: NOTE
Found the following HTML validation problems:
rpartco.html:50:1 (rpartco.Rd:12): Warning: missing </ul> before </div>
treeco.html:50:1 (treeco.Rd:12): Warning: missing </ul> before </div>
Flavors: r-devel-linux-x86_64-debian-clang, r-devel-linux-x86_64-debian-gcc