Last updated on 2025-10-22 09:50:34 CEST.
Flavor | Version | Tinstall | Tcheck | Ttotal | Status | Flags |
---|---|---|---|---|---|---|
r-devel-linux-x86_64-debian-clang | 1.0.8 | 10.95 | 161.43 | 172.38 | NOTE | |
r-devel-linux-x86_64-debian-gcc | 1.0.8 | 7.45 | 110.58 | 118.03 | NOTE | |
r-devel-linux-x86_64-fedora-clang | 1.0.8 | 37.00 | 239.08 | 276.08 | OK | |
r-devel-linux-x86_64-fedora-gcc | 1.0.8 | 21.00 | 222.10 | 243.10 | OK | |
r-devel-windows-x86_64 | 1.0.8 | 12.00 | 153.00 | 165.00 | OK | |
r-patched-linux-x86_64 | 1.0.8 | 11.91 | 151.31 | 163.22 | OK | |
r-release-linux-x86_64 | 1.0.8 | 9.34 | 151.52 | 160.86 | OK | |
r-release-macos-arm64 | 1.0.8 | 4.00 | 69.00 | 73.00 | OK | |
r-release-macos-x86_64 | 1.0.8 | 10.00 | 177.00 | 187.00 | OK | |
r-release-windows-x86_64 | 1.0.8 | 15.00 | 161.00 | 176.00 | OK | |
r-oldrel-macos-arm64 | 1.0.8 | 4.00 | 71.00 | 75.00 | OK | |
r-oldrel-macos-x86_64 | 1.0.8 | 10.00 | 171.00 | 181.00 | OK | |
r-oldrel-windows-x86_64 | 1.0.8 | 17.00 | 205.00 | 222.00 | OK |
Version: 1.0.8
Check: HTML version of manual
Result: NOTE
Found the following HTML validation problems:
coord_radar-deprecated.html:61:1 (coord_radar-deprecated.Rd:20): Warning: missing </ul> before </div>
get_scaledData.html:76:1 (get_scaledData.Rd:30): Warning: missing </ul> before </div>
Flavors: r-devel-linux-x86_64-debian-clang, r-devel-linux-x86_64-debian-gcc