Last updated on 2025-10-21 09:48:34 CEST.
Flavor | Version | Tinstall | Tcheck | Ttotal | Status | Flags |
---|---|---|---|---|---|---|
r-devel-linux-x86_64-debian-clang | 0.4.0 | 13.55 | 229.18 | 242.73 | OK | |
r-devel-linux-x86_64-debian-gcc | 0.4.0 | 9.65 | 155.03 | 164.68 | NOTE | |
r-devel-linux-x86_64-fedora-clang | 0.4.0 | 372.34 | OK | |||
r-devel-linux-x86_64-fedora-gcc | 0.4.0 | 360.30 | OK | |||
r-devel-windows-x86_64 | 0.4.0 | 15.00 | 205.00 | 220.00 | OK | |
r-patched-linux-x86_64 | 0.4.0 | 14.37 | 216.81 | 231.18 | OK | |
r-release-linux-x86_64 | 0.4.0 | 12.00 | 219.42 | 231.42 | OK | |
r-release-macos-arm64 | 0.4.0 | 99.00 | OK | |||
r-release-macos-x86_64 | 0.4.0 | 225.00 | OK | |||
r-release-windows-x86_64 | 0.4.0 | 16.00 | 218.00 | 234.00 | OK | |
r-oldrel-macos-arm64 | 0.4.0 | 108.00 | OK | |||
r-oldrel-macos-x86_64 | 0.4.0 | 225.00 | OK | |||
r-oldrel-windows-x86_64 | 0.4.0 | 21.00 | 287.00 | 308.00 | OK |
Version: 0.4.0
Check: HTML version of manual
Result: NOTE
Found the following HTML validation problems:
as_ggside.html:68:1 (as_ggside.Rd:26): Warning: missing </ul> before </div>
geom_xsideabline.html:206:1 (geom_xsideabline.Rd:149): Warning: missing </ul> before </div>
ggside-ggproto-coord.html:64:1 (ggside-ggproto-coord.Rd:25): Warning: missing </ul> before </div>
ggside_geom.html:58:1 (ggside_geom.Rd:16): Warning: missing </ul> before </div>
ggside_layer.html:188:1 (ggside_layer.Rd:109): Warning: missing </ul> before </div>
ggside_layout.html:46:1 (ggside_layout.Rd:10): Warning: missing </ul> before </div>
Flavor: r-devel-linux-x86_64-debian-gcc