Last updated on 2025-10-21 09:48:34 CEST.
Flavor | Version | Tinstall | Tcheck | Ttotal | Status | Flags |
---|---|---|---|---|---|---|
r-devel-linux-x86_64-debian-clang | 0.13.3 | 9.71 | 339.30 | 349.01 | OK | |
r-devel-linux-x86_64-debian-gcc | 0.13.3 | 6.23 | 235.18 | 241.41 | NOTE | |
r-devel-linux-x86_64-fedora-clang | 0.13.3 | 568.75 | OK | |||
r-devel-linux-x86_64-fedora-gcc | 0.13.3 | 563.08 | OK | |||
r-devel-windows-x86_64 | 0.13.3 | 15.00 | 233.00 | 248.00 | OK | |
r-patched-linux-x86_64 | 0.13.3 | 10.32 | 323.37 | 333.69 | OK | |
r-release-linux-x86_64 | 0.13.3 | 8.76 | 322.21 | 330.97 | OK | |
r-release-macos-arm64 | 0.13.3 | 143.00 | OK | |||
r-release-macos-x86_64 | 0.13.3 | 218.00 | OK | |||
r-release-windows-x86_64 | 0.13.3 | 17.00 | 226.00 | 243.00 | OK | |
r-oldrel-macos-arm64 | 0.13.3 | 149.00 | OK | |||
r-oldrel-macos-x86_64 | 0.13.3 | 262.00 | OK | |||
r-oldrel-windows-x86_64 | 0.13.3 | 20.00 | 315.00 | 335.00 | OK |
Version: 0.13.3
Check: HTML version of manual
Result: NOTE
Found the following HTML validation problems:
ggbetweenstats.html:582:1 (ggbetweenstats.Rd:317): Warning: <h4> anchor "between-subjects" already defined
ggbetweenstats.html:641:1 (ggbetweenstats.Rd:338): Warning: <h4> anchor "within-subjects" already defined
ggbetweenstats.html:718:1 (ggbetweenstats.Rd:371): Warning: <h4> anchor "between-subjects" already defined
ggbetweenstats.html:758:1 (ggbetweenstats.Rd:388): Warning: <h4> anchor "within-subjects" already defined
ggwithinstats.html:599:1 (ggwithinstats.Rd:326): Warning: <h4> anchor "between-subjects" already defined
ggwithinstats.html:658:1 (ggwithinstats.Rd:347): Warning: <h4> anchor "within-subjects" already defined
ggwithinstats.html:735:1 (ggwithinstats.Rd:380): Warning: <h4> anchor "between-subjects" already defined
ggwithinstats.html:775:1 (ggwithinstats.Rd:397): Warning: <h4> anchor "within-subjects" already defined
Flavor: r-devel-linux-x86_64-debian-gcc