CRAN Package Check Results for Package glme

Last updated on 2025-07-04 09:49:52 CEST.

Flavor Version Tinstall Tcheck Ttotal Status Flags
r-devel-linux-x86_64-debian-clang 0.1.0 5.27 38.90 44.17 OK
r-devel-linux-x86_64-debian-gcc 0.1.0 3.80 29.47 33.27 OK
r-devel-linux-x86_64-fedora-clang 0.1.0 67.50 OK
r-devel-linux-x86_64-fedora-gcc 0.1.0 60.35 OK
r-devel-windows-x86_64 0.1.0 6.00 56.00 62.00 OK
r-patched-linux-x86_64 0.1.0 4.57 35.73 40.30 OK
r-release-linux-x86_64 0.1.0 5.17 36.22 41.39 OK
r-release-macos-arm64 0.1.0 39.00 OK
r-release-macos-x86_64 0.1.0 39.00 OK
r-release-windows-x86_64 0.1.0 6.00 55.00 61.00 OK
r-oldrel-macos-arm64 0.1.0 24.00 NOTE
r-oldrel-macos-x86_64 0.1.0 33.00 NOTE
r-oldrel-windows-x86_64 0.1.0 8.00 60.00 68.00 NOTE

Check Details

Version: 0.1.0
Check: LazyData
Result: NOTE 'LazyData' is specified without a 'data' directory Flavors: r-oldrel-macos-arm64, r-oldrel-macos-x86_64, r-oldrel-windows-x86_64