Last updated on 2025-10-21 09:48:34 CEST.
Flavor | Version | Tinstall | Tcheck | Ttotal | Status | Flags |
---|---|---|---|---|---|---|
r-devel-linux-x86_64-debian-clang | 1.1.13 | 231.26 | 336.65 | 567.91 | OK | |
r-devel-linux-x86_64-debian-gcc | 1.1.13 | 201.11 | 241.61 | 442.72 | NOTE | |
r-devel-linux-x86_64-fedora-clang | 1.1.13 | 951.15 | NOTE | |||
r-devel-linux-x86_64-fedora-gcc | 1.1.13 | 1130.03 | NOTE | |||
r-devel-windows-x86_64 | 1.1.13 | 225.00 | 301.00 | 526.00 | OK | --no-vignettes |
r-patched-linux-x86_64 | 1.1.13 | 238.41 | 330.04 | 568.45 | OK | |
r-release-linux-x86_64 | 1.1.13 | 255.09 | 332.19 | 587.28 | OK | |
r-release-macos-arm64 | 1.1.13 | 213.00 | OK | |||
r-release-macos-x86_64 | 1.1.13 | 374.00 | OK | |||
r-release-windows-x86_64 | 1.1.13 | 216.00 | 182.00 | 398.00 | OK | --no-vignettes |
r-oldrel-macos-arm64 | 1.1.13 | 218.00 | NOTE | |||
r-oldrel-macos-x86_64 | 1.1.13 | 441.00 | NOTE | |||
r-oldrel-windows-x86_64 | 1.1.13 | 277.00 | 347.00 | 624.00 | NOTE | --no-vignettes |
Version: 1.1.13
Check: top-level files
Result: NOTE
Found the following validation problem for the NEWS.Rd HTML conversion:
NEWS.html:1301:1 (inst/NEWS.Rd:721): Warning: missing </ul> before </div>
NEWS.html:73:1 (inst/NEWS.Rd:35): Warning: <h4> anchor "BUG-FIXES" already defined
NEWS.html:105:1 (inst/NEWS.Rd:55): Warning: <h4> anchor "NEW-FEATURES" already defined
NEWS.html:123:1 (inst/NEWS.Rd:65): Warning: <h4> anchor "USER-VISIBLE-CHANGES" already defined
NEWS.html:143:1 (inst/NEWS.Rd:76): Warning: <h4> anchor "NEW-FEATURES" already defined
NEWS.html:167:1 (inst/NEWS.Rd:88): Warning: <h4> anchor "BUG-FIXES" already defined
NEWS.html:208:1 (inst/NEWS.Rd:111): Warning: <h4> anchor "USER-VISIBLE-CHANGES" already defined
NEWS.html:225:1 (inst/NEWS.Rd:122): Warning: <h4> anchor "NEW-FEATURES" already defined
NEWS.html:260:1 (inst/NEWS.Rd:141): Warning: <h4> anchor "USER-VISIBLE-CHANGES" already defined
NEWS.html:278:1 (inst/NEWS.Rd:153): Warning: <h4> anchor "BUG-FIXES" already defined
NEWS.html:339:1 (inst/NEWS.Rd:183): Warning: <h4> anchor "USER-VISIBLE-CHANGES" already defined
NEWS.html:389:1 (inst/NEWS.Rd:214): Warning: <h4> anchor "NEW-FEATURES" already defined
NEWS.html:409:1 (inst/NEWS.Rd:224): Warning: <h4> anchor "BUG-FIXES" already defined
NEWS.html:425:1 (inst/NEWS.Rd:233): Warning: <h4> anchor "NEW-FEATURES" already defined
NEWS.html:467:1 (inst/NEWS.Rd:257): Warning: <h4> anchor "USER-VISIBLE-CHANGES" already defined
NEWS.html:519:1 (inst/NEWS.Rd:289): Warning: <h4> anchor "BUG-FIXES" already defined
NEWS.html:531:1 (inst/NEWS.Rd:295): Warning: <h4> anchor "NEW-FEATURES" already defined
NEWS.html:559:1 (inst/NEWS.Rd:311): Warning: <h4> anchor "USER-VISIBLE-CHANGES" already defined
NEWS.html:576:1 (inst/NEWS.Rd:321): Warning: <h4> anchor "BUG-FIXES" already defined
NEWS.html:600:1 (inst/NEWS.Rd:333): Warning: <h4> anchor "USER-VISIBLE-CHANGES" already defined
NEWS.html:646:1 (inst/NEWS.Rd:367): Warning: <h4> anchor "NEW-FEATURES" already defined
NEWS.html:673:1 (inst/NEWS.Rd:383): Warning: <h4> anchor "USER-VISIBLE-CHANGES" already defined
NEWS.html:688:1 (inst/NEWS.Rd:392): Warning: <h4> anchor "BUG-FIXES" already defined
NEWS.html:715:1 (inst/NEWS.Rd:407): Warning: <h4> anchor "NEW-FEATURES" already defined
NEWS.html:731:1 (inst/NEWS.Rd:416): Warning: <h4> anchor "USER-VISIBLE-CHANGES" already defined
NEWS.html:742:1 (inst/NEWS.Rd:421): Warning: <h4> anchor "BUG-FIXES" already defined
NEWS.html:763:1 (inst/NEWS.Rd:432): Warning: <h4> anchor "NEW-FEATURES" already defined
NEWS.html:783:1 (inst/NEWS.Rd:442): Warning: <h4> anchor "USER-VISIBLE-CHANGES" already defined
NEWS.html:805:1 (inst/NEWS.Rd:456): Warning: <h4> anchor "NEW-FEATURES" already defined
NEWS.html:838:1 (inst/NEWS.Rd:476): Warning: <h4> anchor "BUG-FIXES" already defined
NEWS.html:855:1 (inst/NEWS.Rd:483): Warning: <h4> anchor "USER-VISIBLE-CHANGES" already defined
NEWS.html:871:1 (inst/NEWS.Rd:492): Warning: <h4> anchor "NEW-FEATURES" already defined
NEWS.html:893:1 (inst/NEWS.Rd:502): Warning: <h4> anchor "BUG-FIXES" already defined
NEWS.html:930:1 (inst/NEWS.Rd:521): Warning: <h4> anchor "USER-VISIBLE-CHANGES" already defined
NEWS.html:983:1 (inst/NEWS.Rd:550): Warning: <h4> anchor "USER-VISIBLE-CHANGES" already defined
NEWS.html:1000:1 (inst/NEWS.Rd:559): Warning: <h4> anchor "NEW-FEATURES" already defined
NEWS.html:1012:1 (inst/NEWS.Rd:565): Warning: <h4> anchor "BUG-FIXES" already defined
NEWS.html:1047:1 (inst/NEWS.Rd:584): Warning: <h4> anchor "NEW-FEATURES" already defined
NEWS.html:1076:1 (inst/NEWS.Rd:601): Warning: <h4> anchor "BUG-FIXES" already defined
NEWS.html:1108:1 (inst/NEWS.Rd:617): Warning: <h4> anchor "USER-VISIBLE-CHANGES" already defined
NEWS.html:1133:1 (inst/NEWS.Rd:631): Warning: <h4> anchor "NEW-FEATURES" already defined
NEWS.html:1159:1 (inst/NEWS.Rd:645): Warning: <h4> anchor "BUG-FIXES" already defined
NEWS.html:1177:1 (inst/NEWS.Rd:653): Warning: <h4> anchor "USER-VISIBLE-CHANGES" already defined
NEWS.html:1195:1 (inst/NEWS.Rd:663): Warning: <h4> anchor "NEW-FEATURES" already defined
NEWS.html:1209:1 (inst/NEWS.Rd:671): Warning: <h4> anchor "USER-VISIBLE-CHANGES" already defined
NEWS.html:1228:1 (inst/NEWS.Rd:683): Warning: <h4> anchor "NEW-FEATURES" already defined
NEWS.html:1261:1 (inst/NEWS.Rd:702): Warning: <h4> anchor "BUG-FIXES" already defined
NEWS.html:1284:1 (inst/NEWS.Rd:713): Warning: <h4> anchor "USER-VISIBLE-CHANGES" already defined
Flavor: r-devel-linux-x86_64-debian-gcc
Version: 1.1.13
Check: HTML version of manual
Result: NOTE
Found the following HTML validation problems:
dot-adjustX.html:58:1 (dot-adjustX.Rd:16): Warning: missing </ul> before </div>
dtruncated_nbinom2.html:74:1 (dtruncated_nbinom2.Rd:28): Warning: missing </ul> before </div>
formula.glmmTMB.html:59:1 (formula.glmmTMB.Rd:16): Warning: missing </ul> before </div>
glmmTMB_methods.html:76:1 (glmmTMB_methods.Rd:29): Warning: missing </ul> before </div>
gt_load.html:66:1 (gt_load.Rd:21): Warning: missing </ul> before </div>
mkTMBStruc.html:165:1 (mkTMBStruc.Rd:83): Warning: missing </ul> before </div>
print.VarCorr.glmmTMB.html:69:1 (print.VarCorr.glmmTMB.Rd:24): Warning: missing </ul> before </div>
set_simcodes.html:56:1 (set_simcodes.Rd:14): Warning: missing </ul> before </div>
startParams.html:102:1 (startParams.Rd:46): Warning: missing </ul> before </div>
summary.glmmTMB.html:72:1 (summary.glmmTMB.Rd:27): Warning: missing </ul> before </div>
Flavors: r-devel-linux-x86_64-debian-gcc, r-devel-linux-x86_64-fedora-clang, r-devel-linux-x86_64-fedora-gcc
Version: 1.1.13
Check: installed package size
Result: NOTE
installed size is 97.7Mb
sub-directories of 1Mb or more:
doc 1.7Mb
libs 91.4Mb
test_data 2.9Mb
Flavors: r-oldrel-macos-arm64, r-oldrel-macos-x86_64
Version: 1.1.13
Flags: --no-vignettes
Check: installed package size
Result: NOTE
installed size is 10.6Mb
sub-directories of 1Mb or more:
doc 1.8Mb
libs 4.4Mb
test_data 2.9Mb
Flavor: r-oldrel-windows-x86_64