Last updated on 2025-10-22 09:50:35 CEST.
Flavor | Version | Tinstall | Tcheck | Ttotal | Status | Flags |
---|---|---|---|---|---|---|
r-devel-linux-x86_64-debian-clang | 0.18.0 | 3.17 | 36.69 | 39.86 | NOTE | |
r-devel-linux-x86_64-debian-gcc | 0.18.0 | 2.53 | 27.44 | 29.97 | NOTE | |
r-devel-linux-x86_64-fedora-clang | 0.18.0 | 11.00 | 51.39 | 62.39 | OK | |
r-devel-linux-x86_64-fedora-gcc | 0.18.0 | 58.14 | OK | |||
r-devel-windows-x86_64 | 0.18.0 | 6.00 | 56.00 | 62.00 | OK | |
r-patched-linux-x86_64 | 0.18.0 | 3.55 | 35.17 | 38.72 | OK | |
r-release-linux-x86_64 | 0.18.0 | 2.62 | 34.96 | 37.58 | OK | |
r-release-macos-arm64 | 0.18.0 | 2.00 | 41.00 | 43.00 | OK | |
r-release-macos-x86_64 | 0.18.0 | 3.00 | 55.00 | 58.00 | OK | |
r-release-windows-x86_64 | 0.18.0 | 7.00 | 60.00 | 67.00 | OK | |
r-oldrel-macos-arm64 | 0.18.0 | 2.00 | 38.00 | 40.00 | OK | |
r-oldrel-macos-x86_64 | 0.18.0 | 4.00 | 59.00 | 63.00 | OK | |
r-oldrel-windows-x86_64 | 0.18.0 | 8.00 | 65.00 | 73.00 | OK |
Version: 0.18.0
Check: HTML version of manual
Result: NOTE
Found the following HTML validation problems:
cleanup.Globals.html:55:1 (cleanup.Globals.Rd:15): Warning: missing </ul> before </div>
Flavors: r-devel-linux-x86_64-debian-clang, r-devel-linux-x86_64-debian-gcc