Last updated on 2025-10-21 09:48:34 CEST.
Flavor | Version | Tinstall | Tcheck | Ttotal | Status | Flags |
---|---|---|---|---|---|---|
r-devel-linux-x86_64-debian-clang | 0.3.1 | 2.77 | 30.02 | 32.79 | OK | |
r-devel-linux-x86_64-debian-gcc | 0.3.1 | 2.21 | 23.39 | 25.60 | NOTE | |
r-devel-linux-x86_64-fedora-clang | 0.3.1 | 50.22 | OK | |||
r-devel-linux-x86_64-fedora-gcc | 0.3.1 | 62.90 | OK | |||
r-devel-windows-x86_64 | 0.3.1 | 4.00 | 47.00 | 51.00 | OK | |
r-patched-linux-x86_64 | 0.3.1 | 2.80 | 28.27 | 31.07 | OK | |
r-release-linux-x86_64 | 0.3.1 | 2.66 | 28.56 | 31.22 | OK | |
r-release-macos-arm64 | 0.3.1 | 26.00 | OK | |||
r-release-macos-x86_64 | 0.3.1 | 45.00 | OK | |||
r-release-windows-x86_64 | 0.3.1 | 3.00 | 50.00 | 53.00 | OK | |
r-oldrel-macos-arm64 | 0.3.1 | 24.00 | OK | |||
r-oldrel-macos-x86_64 | 0.3.1 | 35.00 | OK | |||
r-oldrel-windows-x86_64 | 0.3.1 | 7.00 | 58.00 | 65.00 | OK |
Version: 0.3.1
Check: HTML version of manual
Result: NOTE
Found the following HTML validation problems:
msg.html:47:1 (msg.Rd:11): Warning: missing </ul> before </div>
validateMatrices.html:91:1 (validateMatrices.Rd:43): Warning: missing </ul> before </div>
Flavor: r-devel-linux-x86_64-debian-gcc